CRAN Package Check Results for Package rlang

Last updated on 2022-08-13 04:57:57 CEST.

Flavor Version Tinstall Tcheck Ttotal Status Flags
r-devel-linux-x86_64-debian-clang 1.0.4 24.02 319.72 343.74 ERROR
r-devel-linux-x86_64-debian-gcc 1.0.4 18.82 232.32 251.14 ERROR
r-devel-linux-x86_64-fedora-clang 1.0.4 416.94 ERROR
r-devel-linux-x86_64-fedora-gcc 1.0.4 427.83 ERROR
r-devel-windows-x86_64 1.0.4 393.00 338.00 731.00 ERROR
r-patched-linux-x86_64 1.0.4 26.37 270.83 297.20 OK
r-release-linux-x86_64 1.0.4 22.44 276.98 299.42 OK
r-release-macos-arm64 1.0.4 108.00 OK
r-release-macos-x86_64 1.0.4 150.00 OK
r-release-windows-x86_64 1.0.4 396.00 330.00 726.00 OK
r-oldrel-macos-arm64 1.0.4 106.00 OK
r-oldrel-macos-x86_64 1.0.4 147.00 OK
r-oldrel-windows-ix86+x86_64 1.0.4 61.00 516.00 577.00 OK

Check Details

Version: 1.0.4
Check: PDF version of manual
Result: WARN
    LaTeX errors when creating PDF version.
    This typically indicates Rd problems.
    LaTeX errors found:
    ! LaTeX Error: Unicode character â<c2><84>¹ (U+2139)
     not set up for use with LaTeX.
    
    See the LaTeX manual or LaTeX Companion for explanation.
    Type H <return> for immediate help.
    ! LaTeX Error: Unicode character â<c2><84>¹ (U+2139)
     not set up for use with LaTeX.
    
    See the LaTeX manual or LaTeX Companion for explanation.
    Type H <return> for immediate help.
Flavor: r-devel-linux-x86_64-debian-clang

Version: 1.0.4
Check: PDF version of manual without index
Result: ERROR
Flavors: r-devel-linux-x86_64-debian-clang, r-devel-linux-x86_64-debian-gcc, r-devel-linux-x86_64-fedora-clang, r-devel-linux-x86_64-fedora-gcc, r-devel-windows-x86_64

Version: 1.0.4
Check: for non-standard things in the check directory
Result: NOTE
    Found the following files/directories:
     'rlang-manual.tex'
Flavors: r-devel-linux-x86_64-debian-clang, r-devel-linux-x86_64-debian-gcc, r-devel-linux-x86_64-fedora-clang, r-devel-linux-x86_64-fedora-gcc

Version: 1.0.4
Check: PDF version of manual
Result: WARN
    LaTeX errors when creating PDF version.
    This typically indicates Rd problems.
    LaTeX errors found:
    ! LaTeX Error: Unicode character ℹ (U+2139)
     not set up for use with LaTeX.
    
    See the LaTeX manual or LaTeX Companion for explanation.
    Type H <return> for immediate help.
    ! LaTeX Error: Unicode character ℹ (U+2139)
     not set up for use with LaTeX.
    
    See the LaTeX manual or LaTeX Companion for explanation.
    Type H <return> for immediate help.
Flavors: r-devel-linux-x86_64-debian-gcc, r-devel-linux-x86_64-fedora-clang, r-devel-linux-x86_64-fedora-gcc

Version: 1.0.4
Check: PDF version of manual
Result: WARN
    LaTeX errors when creating PDF version.
    This typically indicates Rd problems.
    LaTeX errors found:
    ! Package inputenc Error: Unicode character ℹ (U+2139)
    (inputenc) not set up for use with LaTeX.
    
    See the inputenc package documentation for explanation.
    Type H <return> for immediate help.
    ! Package inputenc Error: Unicode character ℹ (U+2139)
    (inputenc) not set up for use with LaTeX.
    
    See the inputenc package documentation for explanation.
    Type H <return> for immediate help.
Flavor: r-devel-windows-x86_64