CRAN Package Check Results for Package rje

Last updated on 2022-06-25 03:51:08 CEST.

Flavor Version Tinstall Tcheck Ttotal Status Flags
r-devel-linux-x86_64-debian-clang 1.11.0 5.53 39.37 44.90 OK
r-devel-linux-x86_64-debian-gcc 1.11.0 3.04 30.21 33.25 OK
r-devel-linux-x86_64-fedora-clang 1.11.0 63.48 NOTE
r-devel-linux-x86_64-fedora-gcc 1.11.0 62.86 NOTE
r-devel-windows-x86_64 1.11.0 31.00 73.00 104.00 OK
r-patched-linux-x86_64 1.11.0 3.78 38.01 41.79 OK
r-release-linux-x86_64 1.11.0 4.90 38.31 43.21 OK
r-release-macos-arm64 1.11.0 23.00 NOTE
r-release-macos-x86_64 1.11.0 32.00 NOTE
r-release-windows-x86_64 1.11.0 30.00 69.00 99.00 OK
r-oldrel-macos-arm64 1.11.0 24.00 NOTE
r-oldrel-macos-x86_64 1.11.0 31.00 NOTE
r-oldrel-windows-ix86+x86_64 1.11.0 13.00 73.00 86.00 OK

Check Details

Version: 1.11.0
Check: dependencies in R code
Result: NOTE
    Namespace in Imports field not imported from: ‘knitr’
     All declared Imports should be used.
Flavors: r-devel-linux-x86_64-fedora-clang, r-devel-linux-x86_64-fedora-gcc, r-release-macos-arm64, r-release-macos-x86_64, r-oldrel-macos-arm64, r-oldrel-macos-x86_64