Last updated on 2022-07-02 03:51:38 CEST.
Flavor | Version | Tinstall | Tcheck | Ttotal | Status | Flags |
---|---|---|---|---|---|---|
r-devel-linux-x86_64-debian-clang | 0.3.8 | 5.58 | 75.61 | 81.19 | OK | |
r-devel-linux-x86_64-debian-gcc | 0.3.8 | 3.92 | 58.81 | 62.73 | OK | |
r-devel-linux-x86_64-fedora-clang | 0.3.8 | 105.36 | NOTE | |||
r-devel-linux-x86_64-fedora-gcc | 0.3.8 | 103.04 | OK | |||
r-devel-windows-x86_64 | 0.3.8 | 67.00 | 117.00 | 184.00 | NOTE | |
r-patched-linux-x86_64 | 0.3.8 | 5.28 | 76.17 | 81.45 | OK | |
r-release-linux-x86_64 | 0.3.8 | 3.37 | 75.43 | 78.80 | OK | |
r-release-macos-arm64 | 0.3.8 | 36.00 | NOTE | |||
r-release-macos-x86_64 | 0.3.8 | 46.00 | NOTE | |||
r-release-windows-x86_64 | 0.3.8 | 69.00 | 120.00 | 189.00 | NOTE | |
r-oldrel-macos-arm64 | 0.3.8 | 701.00 | NOTE | |||
r-oldrel-macos-x86_64 | 0.3.8 | 52.00 | NOTE | |||
r-oldrel-windows-ix86+x86_64 | 0.3.8 | 15.00 | 95.00 | 110.00 | NOTE |
Version: 0.3.8
Check: installed package size
Result: NOTE
installed size is 11.7Mb
sub-directories of 1Mb or more:
doc 10.3Mb
htmlwidgets 1.3Mb
Flavors: r-devel-linux-x86_64-fedora-clang, r-devel-windows-x86_64, r-release-macos-arm64, r-release-macos-x86_64, r-release-windows-x86_64, r-oldrel-macos-arm64, r-oldrel-macos-x86_64, r-oldrel-windows-ix86+x86_64