CRAN Package Check Results for Package rgovcan

Last updated on 2022-06-26 15:53:09 CEST.

Flavor Version Tinstall Tcheck Ttotal Status Flags
r-devel-linux-x86_64-debian-clang 1.0.3 6.37 64.83 71.20 OK
r-devel-linux-x86_64-debian-gcc 1.0.3 3.98 48.96 52.94 OK
r-devel-linux-x86_64-fedora-clang 1.0.3 94.22 NOTE
r-devel-linux-x86_64-fedora-gcc 1.0.3 91.01 NOTE
r-devel-windows-x86_64 1.0.3 16.00 93.00 109.00 OK
r-patched-linux-x86_64 1.0.3 11.05 61.11 72.16 OK
r-release-linux-x86_64 1.0.3 4.94 60.76 65.70 OK
r-release-macos-arm64 1.0.3 47.00 NOTE
r-release-macos-x86_64 1.0.3 70.00 NOTE
r-release-windows-x86_64 1.0.3 17.00 97.00 114.00 OK
r-oldrel-macos-arm64 1.0.3 55.00 NOTE
r-oldrel-macos-x86_64 1.0.3 57.00 NOTE
r-oldrel-windows-ix86+x86_64 1.0.3 20.00 90.00 110.00 OK

Additional issues

ATLAS

Check Details

Version: 1.0.3
Check: dependencies in R code
Result: NOTE
    Namespace in Imports field not imported from: ‘crul’
     All declared Imports should be used.
Flavors: r-devel-linux-x86_64-fedora-clang, r-devel-linux-x86_64-fedora-gcc, r-release-macos-arm64, r-release-macos-x86_64, r-oldrel-macos-arm64, r-oldrel-macos-x86_64