CRAN Package Check Results for Package rgnoisefilt

Last updated on 2024-04-23 15:50:28 CEST.

Flavor Version Tinstall Tcheck Ttotal Status Flags
r-devel-linux-x86_64-debian-clang 1.1.2 18.00 266.89 284.89 NOTE
r-devel-linux-x86_64-debian-gcc 1.1.2 11.91 186.06 197.97 NOTE
r-devel-linux-x86_64-fedora-clang 1.1.2 335.11 NOTE
r-devel-linux-x86_64-fedora-gcc 1.1.2 332.05 NOTE
r-prerel-macos-arm64 1.1.2 90.00 NOTE
r-prerel-windows-x86_64 1.1.2 15.00 193.00 208.00 NOTE
r-patched-linux-x86_64 1.1.2 11.24 246.47 257.71 NOTE
r-release-linux-x86_64 1.1.2 10.61 245.07 255.68 OK
r-release-macos-arm64 1.1.2 94.00 OK
r-release-macos-x86_64 1.1.2 191.00 OK
r-release-windows-x86_64 1.1.2 19.00 252.00 271.00 OK
r-oldrel-macos-arm64 1.1.2 95.00 OK
r-oldrel-windows-x86_64 1.1.2 20.00 240.00 260.00 OK

Check Details

Version: 1.1.2
Check: Rd files
Result: NOTE checkRd: (-1) regCVCF.Rd:52: Lost braces; missing escapes or markup? 52 | a decision tree with {C4.5} on each one. Using each classifier, a prediction of the whole dataset is obtained. | ^ checkRd: (-1) summary.rfdata.Rd:17: Lost braces; missing escapes or markup? 17 | A list including information related to the noise filtering process contained in the object \code{object} of class {rfdata} with the following elements: | ^ Flavors: r-devel-linux-x86_64-debian-clang, r-devel-linux-x86_64-debian-gcc, r-devel-linux-x86_64-fedora-clang, r-devel-linux-x86_64-fedora-gcc, r-prerel-macos-arm64, r-prerel-windows-x86_64, r-patched-linux-x86_64