CRAN Package Check Results for Package rgen

Last updated on 2022-08-10 04:54:10 CEST.

Flavor Version Tinstall Tcheck Ttotal Status Flags
r-devel-linux-x86_64-debian-clang 0.0.1 1.96 21.58 23.54 NOTE
r-devel-linux-x86_64-debian-gcc 0.0.1 1.51 17.12 18.63 NOTE
r-devel-linux-x86_64-fedora-clang 0.0.1 39.38 NOTE
r-devel-linux-x86_64-fedora-gcc 0.0.1 38.08 NOTE
r-devel-windows-x86_64 0.0.1 10.00 47.00 57.00 NOTE
r-patched-linux-x86_64 0.0.1 1.74 21.26 23.00 NOTE
r-release-linux-x86_64 0.0.1 NOTE
r-release-macos-arm64 0.0.1 16.00 NOTE
r-release-macos-x86_64 0.0.1 23.00 NOTE
r-release-windows-x86_64 0.0.1 12.00 50.00 62.00 NOTE
r-oldrel-macos-arm64 0.0.1 17.00 NOTE
r-oldrel-macos-x86_64 0.0.1 27.00 NOTE
r-oldrel-windows-ix86+x86_64 0.0.1 5.00 35.00 40.00 NOTE

Check Details

Version: 0.0.1
Check: LazyData
Result: NOTE
     'LazyData' is specified without a 'data' directory
Flavors: r-devel-linux-x86_64-debian-clang, r-devel-linux-x86_64-debian-gcc, r-devel-linux-x86_64-fedora-clang, r-devel-linux-x86_64-fedora-gcc, r-devel-windows-x86_64, r-patched-linux-x86_64, r-release-linux-x86_64, r-release-macos-arm64, r-release-macos-x86_64, r-release-windows-x86_64, r-oldrel-macos-arm64, r-oldrel-macos-x86_64, r-oldrel-windows-ix86+x86_64