Last updated on 2022-05-25 15:50:44 CEST.
Flavor | Version | Tinstall | Tcheck | Ttotal | Status | Flags |
---|---|---|---|---|---|---|
r-devel-linux-x86_64-debian-clang | 0.1.0 | 7.12 | 68.15 | 75.27 | NOTE | |
r-devel-linux-x86_64-debian-gcc | 0.1.0 | 5.23 | 50.73 | 55.96 | NOTE | |
r-devel-linux-x86_64-fedora-clang | 0.1.0 | 94.08 | NOTE | |||
r-devel-linux-x86_64-fedora-gcc | 0.1.0 | 74.21 | NOTE | |||
r-devel-windows-x86_64 | 0.1.0 | 28.00 | 81.00 | 109.00 | NOTE | |
r-patched-linux-x86_64 | 0.1.0 | 4.20 | 63.49 | 67.69 | NOTE | |
r-release-linux-x86_64 | 0.1.0 | NOTE | ||||
r-release-macos-arm64 | 0.1.0 | 23.00 | NOTE | |||
r-release-macos-x86_64 | 0.1.0 | 44.00 | NOTE | |||
r-release-windows-x86_64 | 0.1.0 | 25.00 | 79.00 | 104.00 | NOTE | |
r-oldrel-macos-arm64 | 0.1.0 | 29.00 | NOTE | |||
r-oldrel-macos-x86_64 | 0.1.0 | 34.00 | NOTE | |||
r-oldrel-windows-ix86+x86_64 | 0.1.0 | 15.00 | 75.00 | 90.00 | NOTE |
Version: 0.1.0
Check: LazyData
Result: NOTE
'LazyData' is specified without a 'data' directory
Flavors: r-devel-linux-x86_64-debian-clang, r-devel-linux-x86_64-debian-gcc, r-devel-linux-x86_64-fedora-clang, r-devel-linux-x86_64-fedora-gcc, r-devel-windows-x86_64, r-patched-linux-x86_64, r-release-linux-x86_64, r-release-macos-arm64, r-release-macos-x86_64, r-release-windows-x86_64, r-oldrel-macos-arm64, r-oldrel-macos-x86_64, r-oldrel-windows-ix86+x86_64