CRAN Package Check Results for Package revpref

Last updated on 2022-06-28 03:51:41 CEST.

Flavor Version Tinstall Tcheck Ttotal Status Flags
r-devel-linux-x86_64-debian-clang 0.1.0 2.19 29.77 31.96 OK
r-devel-linux-x86_64-debian-gcc 0.1.0 1.90 22.45 24.35 OK
r-devel-linux-x86_64-fedora-clang 0.1.0 48.19 WARN
r-devel-linux-x86_64-fedora-gcc 0.1.0 48.48 WARN
r-devel-windows-x86_64 0.1.0 18.00 53.00 71.00 OK
r-patched-linux-x86_64 0.1.0 2.63 28.38 31.01 OK
r-release-linux-x86_64 0.1.0 2.59 28.37 30.96 OK
r-release-macos-arm64 0.1.0 14.00 OK
r-release-macos-x86_64 0.1.0 21.00 OK
r-release-windows-x86_64 0.1.0 19.00 51.00 70.00 OK
r-oldrel-macos-arm64 0.1.0 16.00 OK
r-oldrel-macos-x86_64 0.1.0 22.00 OK
r-oldrel-windows-ix86+x86_64 0.1.0 6.00 47.00 53.00 OK

Check Details

Version: 0.1.0
Check: package dependencies
Result: WARN
    Requires orphaned package: ‘gtools’
Flavors: r-devel-linux-x86_64-fedora-clang, r-devel-linux-x86_64-fedora-gcc