Last updated on 2022-06-29 15:50:02 CEST.
Flavor | Version | Tinstall | Tcheck | Ttotal | Status | Flags |
---|---|---|---|---|---|---|
r-devel-linux-x86_64-debian-clang | 1.4.9 | 60.59 | 391.04 | 451.63 | NOTE | |
r-devel-linux-x86_64-debian-gcc | 1.4.9 | 50.95 | 274.34 | 325.29 | NOTE | |
r-devel-linux-x86_64-fedora-clang | 1.4.9 | 546.05 | NOTE | |||
r-devel-linux-x86_64-fedora-gcc | 1.4.9 | 552.62 | NOTE | |||
r-devel-windows-x86_64 | 1.4.9 | 119.00 | 606.00 | 725.00 | OK | |
r-patched-linux-x86_64 | 1.4.9 | 48.89 | 366.56 | 415.45 | NOTE | |
r-release-linux-x86_64 | 1.4.9 | 39.39 | 365.58 | 404.97 | NOTE | |
r-release-macos-arm64 | 1.4.9 | 152.00 | NOTE | |||
r-release-macos-x86_64 | 1.4.9 | 259.00 | NOTE | |||
r-release-windows-x86_64 | 1.4.9 | 153.00 | 598.00 | 751.00 | OK | |
r-oldrel-macos-arm64 | 1.4.9 | 150.00 | NOTE | |||
r-oldrel-macos-x86_64 | 1.4.9 | 255.00 | NOTE | |||
r-oldrel-windows-ix86+x86_64 | 1.4.9 | 80.00 | 9.00 | 89.00 | ERROR |
Version: 1.4.9
Check: package dependencies
Result: NOTE
Package suggested but not available for checking: 'evdbayes'
Flavors: r-devel-linux-x86_64-debian-clang, r-devel-linux-x86_64-debian-gcc, r-devel-linux-x86_64-fedora-clang, r-devel-linux-x86_64-fedora-gcc, r-patched-linux-x86_64, r-release-linux-x86_64
Version: 1.4.9
Check: installed package size
Result: NOTE
installed size is 5.6Mb
sub-directories of 1Mb or more:
libs 4.3Mb
Flavors: r-release-macos-arm64, r-release-macos-x86_64, r-oldrel-macos-arm64, r-oldrel-macos-x86_64
Version: 1.4.9
Check: whether package can be installed
Result: ERROR
Installation failed.
Flavor: r-oldrel-windows-ix86+x86_64