CRAN Package Check Results for Package repo

Last updated on 2022-10-06 15:53:54 CEST.

Flavor Version Tinstall Tcheck Ttotal Status Flags
r-devel-linux-x86_64-debian-clang 2.1.5 4.25 45.75 50.00 NOTE
r-devel-linux-x86_64-debian-gcc 2.1.5 3.15 34.42 37.57 NOTE
r-devel-linux-x86_64-fedora-clang 2.1.5 72.42 NOTE
r-devel-linux-x86_64-fedora-gcc 2.1.5 67.53 NOTE
r-devel-windows-x86_64 2.1.5 24.00 89.00 113.00 NOTE
r-patched-linux-x86_64 2.1.5 4.15 42.59 46.74 OK
r-release-linux-x86_64 2.1.5 3.86 42.08 45.94 OK
r-release-macos-arm64 2.1.5 23.00 OK
r-release-macos-x86_64 2.1.5 32.00 OK
r-release-windows-x86_64 2.1.5 22.00 91.00 113.00 OK
r-oldrel-macos-arm64 2.1.5 26.00 OK
r-oldrel-macos-x86_64 2.1.5 44.00 OK
r-oldrel-windows-ix86+x86_64 2.1.5 9.00 64.00 73.00 OK

Check Details

Version: 2.1.5
Check: package subdirectories
Result: NOTE
    Problems with news in 'NEWS.md':
    No news entries found.
Flavors: r-devel-linux-x86_64-debian-clang, r-devel-linux-x86_64-debian-gcc, r-devel-linux-x86_64-fedora-clang, r-devel-linux-x86_64-fedora-gcc, r-devel-windows-x86_64