Last updated on 2022-06-29 03:52:49 CEST.
Flavor | Version | Tinstall | Tcheck | Ttotal | Status | Flags |
---|---|---|---|---|---|---|
r-devel-linux-x86_64-debian-clang | 0.5 | 4.00 | 48.75 | 52.75 | NOTE | |
r-devel-linux-x86_64-debian-gcc | 0.5 | 3.01 | 36.72 | 39.73 | NOTE | |
r-devel-linux-x86_64-fedora-clang | 0.5 | 71.63 | NOTE | |||
r-devel-linux-x86_64-fedora-gcc | 0.5 | 73.76 | NOTE | |||
r-devel-windows-x86_64 | 0.5 | 11.00 | 82.00 | 93.00 | OK | |
r-patched-linux-x86_64 | 0.5 | 5.19 | 46.07 | 51.26 | NOTE | |
r-release-linux-x86_64 | 0.5 | 3.33 | 47.10 | 50.43 | NOTE | |
r-release-macos-arm64 | 0.5 | 27.00 | OK | |||
r-release-macos-x86_64 | 0.5 | 37.00 | OK | |||
r-release-windows-x86_64 | 0.5 | 10.00 | 85.00 | 95.00 | OK | |
r-oldrel-macos-arm64 | 0.5 | 35.00 | OK | |||
r-oldrel-macos-x86_64 | 0.5 | 42.00 | OK | |||
r-oldrel-windows-ix86+x86_64 | 0.5 | 11.00 | 58.00 | 69.00 | OK |
Version: 0.5
Check: for non-standard things in the check directory
Result: NOTE
Found the following files/directories:
'PackageCites.bib'
Flavors: r-devel-linux-x86_64-debian-clang, r-devel-linux-x86_64-debian-gcc, r-devel-linux-x86_64-fedora-clang, r-devel-linux-x86_64-fedora-gcc, r-patched-linux-x86_64, r-release-linux-x86_64