CRAN Package Check Results for Package replicateBE

Last updated on 2024-02-27 04:07:16 CET.

Flavor Version Tinstall Tcheck Ttotal Status Flags
r-devel-linux-x86_64-debian-clang 1.1.3 15.03 230.29 245.32 NOTE
r-devel-linux-x86_64-debian-gcc 1.1.3 13.83 141.81 155.64 NOTE
r-devel-linux-x86_64-fedora-clang 1.1.3 284.49 NOTE
r-devel-linux-x86_64-fedora-gcc 1.1.3 281.03 NOTE
r-devel-windows-x86_64 1.1.3 14.00 146.00 160.00 OK
r-patched-linux-x86_64 1.1.3 18.78 209.41 228.19 OK
r-release-linux-x86_64 1.1.3 11.23 206.92 218.15 OK
r-release-macos-arm64 1.1.3 84.00 OK
r-release-macos-x86_64 1.1.3 135.00 OK
r-release-windows-x86_64 1.1.3 20.00 185.00 205.00 OK
r-oldrel-macos-arm64 1.1.3 77.00 OK
r-oldrel-windows-x86_64 1.1.3 20.00 187.00 207.00 OK

Check Details

Version: 1.1.3
Check: Rd files
Result: NOTE checkRd: (-1) method.A.Rd:200-205: Lost braces in \itemize; \value handles \item{}{} directly checkRd: (-1) method.A.Rd:206-211: Lost braces in \itemize; \value handles \item{}{} directly checkRd: (-1) method.A.Rd:231-236: Lost braces in \itemize; \value handles \item{}{} directly checkRd: (-1) method.A.Rd:237-242: Lost braces in \itemize; \value handles \item{}{} directly checkRd: (-1) method.B.Rd:201-206: Lost braces in \itemize; \value handles \item{}{} directly checkRd: (-1) method.B.Rd:207-212: Lost braces in \itemize; \value handles \item{}{} directly checkRd: (-1) method.B.Rd:232-237: Lost braces in \itemize; \value handles \item{}{} directly checkRd: (-1) method.B.Rd:238-243: Lost braces in \itemize; \value handles \item{}{} directly Flavors: r-devel-linux-x86_64-debian-clang, r-devel-linux-x86_64-debian-gcc, r-devel-linux-x86_64-fedora-clang, r-devel-linux-x86_64-fedora-gcc