CRAN Package Check Results for Package relations

Last updated on 2022-05-16 03:53:40 CEST.

Flavor Version Tinstall Tcheck Ttotal Status Flags
r-devel-linux-x86_64-debian-clang 0.6-12 10.18 103.40 113.58 OK
r-devel-linux-x86_64-debian-gcc 0.6-12 9.56 76.91 86.47 OK
r-devel-linux-x86_64-fedora-clang 0.6-12 139.43 NOTE
r-devel-linux-x86_64-fedora-gcc 0.6-12 134.09 NOTE
r-devel-windows-x86_64 0.6-12 141.00 131.00 272.00 NOTE
r-patched-linux-x86_64 0.6-12 12.06 97.86 109.92 OK
r-release-linux-x86_64 0.6-12 10.17 98.15 108.32 OK
r-release-macos-arm64 0.6-12 38.00 NOTE
r-release-macos-x86_64 0.6-12 58.00 NOTE
r-release-windows-x86_64 0.6-12 134.00 141.00 275.00 NOTE
r-oldrel-macos-arm64 0.6-12 39.00 NOTE
r-oldrel-macos-x86_64 0.6-12 59.00 NOTE
r-oldrel-windows-ix86+x86_64 0.6-12 19.00 122.00 141.00 NOTE

Check Details

Version: 0.6-12
Check: package dependencies
Result: NOTE
    Package which this enhances but not available for checking: ‘Rcplex’
Flavors: r-devel-linux-x86_64-fedora-clang, r-devel-linux-x86_64-fedora-gcc, r-devel-windows-x86_64, r-release-macos-x86_64, r-release-windows-x86_64, r-oldrel-macos-arm64, r-oldrel-macos-x86_64, r-oldrel-windows-ix86+x86_64

Version: 0.6-12
Check: Rd cross-references
Result: NOTE
    Undeclared package ‘graph’ in Rd xrefs
Flavor: r-devel-linux-x86_64-fedora-clang

Version: 0.6-12
Check: package dependencies
Result: NOTE
    Package suggested but not available for checking: ‘Rgraphviz’
    
    Package which this enhances but not available for checking: ‘Rcplex’
Flavor: r-release-macos-arm64

Version: 0.6-12
Check: Rd cross-references
Result: NOTE
    Package unavailable to check Rd xrefs: ‘graph’
Flavor: r-release-macos-arm64

Version: 0.6-12
Check: re-building of vignette outputs
Result: NOTE
    Error(s) in re-building vignettes:
    --- re-building ‘relations.Rnw’ using Sweave
    Loading required package: Rgraphviz
    Warning in library(package, lib.loc = lib.loc, character.only = TRUE, logical.return = TRUE, :
     there is no package called ‘Rgraphviz’
    Loading required package: Rgraphviz
    Warning in library(package, lib.loc = lib.loc, character.only = TRUE, logical.return = TRUE, :
     there is no package called ‘Rgraphviz’
    Loading required package: Rgraphviz
    Warning in library(package, lib.loc = lib.loc, character.only = TRUE, logical.return = TRUE, :
     there is no package called ‘Rgraphviz’
    Loading required package: Rgraphviz
    Warning in library(package, lib.loc = lib.loc, character.only = TRUE, logical.return = TRUE, :
     there is no package called ‘Rgraphviz’
    Error: processing vignette 'relations.Rnw' failed with diagnostics:
    Running 'texi2dvi' on 'relations.tex' failed.
    LaTeX errors:
    !pdfTeX error: pdflatex (file /Volumes/Builds/packages/big-sur-arm64/results/4.
    2/relations.Rcheck/vign_test/relations/vignettes/relations-plotfig.pdf): PDF in
    clusion: required page does not exist <0>
     ==> Fatal error occurred, no output PDF file produced!
    --- failed re-building ‘relations.Rnw’
    
    SUMMARY: processing the following file failed:
     ‘relations.Rnw’
    
    Error: Vignette re-building failed.
    Execution halted
Flavor: r-release-macos-arm64