CRAN Package Check Results for Package reinsureR

Last updated on 2022-01-22 15:52:22 CET.

Flavor Version Tinstall Tcheck Ttotal Status Flags
r-devel-linux-x86_64-debian-clang 0.1.0 7.83 64.57 72.40 NOTE
r-devel-linux-x86_64-debian-gcc 0.1.0 5.69 48.66 54.35 NOTE
r-devel-linux-x86_64-fedora-clang 0.1.0 89.14 NOTE
r-devel-linux-x86_64-fedora-gcc 0.1.0 76.42 NOTE
r-devel-windows-x86_64-new-UL 0.1.0 55.00 84.00 139.00 NOTE
r-devel-windows-x86_64-new-TK 0.1.0 NOTE
r-patched-linux-x86_64 0.1.0 9.43 61.27 70.70 NOTE
r-release-linux-x86_64 0.1.0 6.90 60.05 66.95 NOTE
r-release-macos-arm64 0.1.0 NOTE
r-release-macos-x86_64 0.1.0 NOTE
r-release-windows-ix86+x86_64 0.1.0 22.00 77.00 99.00 NOTE
r-oldrel-macos-x86_64 0.1.0 OK
r-oldrel-windows-ix86+x86_64 0.1.0 23.00 77.00 100.00 OK

Check Details

Version: 0.1.0
Check: LazyData
Result: NOTE
     'LazyData' is specified without a 'data' directory
Flavors: r-devel-linux-x86_64-debian-clang, r-devel-linux-x86_64-debian-gcc, r-devel-linux-x86_64-fedora-clang, r-devel-linux-x86_64-fedora-gcc, r-devel-windows-x86_64-new-UL, r-devel-windows-x86_64-new-TK, r-patched-linux-x86_64, r-release-linux-x86_64, r-release-macos-arm64, r-release-macos-x86_64, r-release-windows-ix86+x86_64