Last updated on 2022-05-26 15:53:21 CEST.
Flavor | Version | Tinstall | Tcheck | Ttotal | Status | Flags |
---|---|---|---|---|---|---|
r-devel-linux-x86_64-debian-clang | 0.1.1 | 5.99 | 78.75 | 84.74 | OK | |
r-devel-linux-x86_64-debian-gcc | 0.1.1 | 5.76 | 58.05 | 63.81 | OK | |
r-devel-linux-x86_64-fedora-clang | 0.1.1 | 91.36 | NOTE | |||
r-devel-linux-x86_64-fedora-gcc | 0.1.1 | 78.01 | NOTE | |||
r-devel-windows-x86_64 | 0.1.1 | 13.00 | 88.00 | 101.00 | OK | |
r-patched-linux-x86_64 | 0.1.1 | 5.65 | 64.53 | 70.18 | OK | |
r-release-linux-x86_64 | 0.1.1 | OK | ||||
r-release-macos-arm64 | 0.1.1 | 26.00 | NOTE | |||
r-release-macos-x86_64 | 0.1.1 | 48.00 | NOTE | |||
r-release-windows-x86_64 | 0.1.1 | 22.00 | 87.00 | 109.00 | OK | |
r-oldrel-macos-arm64 | 0.1.1 | 29.00 | NOTE | |||
r-oldrel-macos-x86_64 | 0.1.1 | 36.00 | NOTE | |||
r-oldrel-windows-ix86+x86_64 | 0.1.1 | 16.00 | 93.00 | 109.00 | OK |
Version: 0.1.1
Check: dependencies in R code
Result: NOTE
Namespaces in Imports field not imported from:
‘knitr’ ‘textshaping’
All declared Imports should be used.
Flavors: r-devel-linux-x86_64-fedora-clang, r-devel-linux-x86_64-fedora-gcc, r-release-macos-arm64, r-release-macos-x86_64, r-oldrel-macos-arm64, r-oldrel-macos-x86_64
Version: 0.1.1
Check: data for non-ASCII characters
Result: NOTE
Note: found 20 marked UTF-8 strings
Flavors: r-devel-linux-x86_64-fedora-clang, r-devel-linux-x86_64-fedora-gcc, r-release-macos-arm64, r-release-macos-x86_64, r-oldrel-macos-arm64, r-oldrel-macos-x86_64