Last updated on 2023-02-01 03:54:25 CET.
Flavor | Version | Tinstall | Tcheck | Ttotal | Status | Flags |
---|---|---|---|---|---|---|
r-devel-linux-x86_64-debian-clang | 1.0.0 | 3.87 | 36.02 | 39.89 | NOTE | |
r-devel-linux-x86_64-debian-gcc | 1.0.0 | 3.14 | 27.66 | 30.80 | NOTE | |
r-devel-linux-x86_64-fedora-clang | 1.0.0 | 49.63 | NOTE | |||
r-devel-linux-x86_64-fedora-gcc | 1.0.0 | 49.33 | NOTE | |||
r-devel-windows-x86_64 | 1.0.0 | 13.00 | 71.00 | 84.00 | NOTE | |
r-patched-linux-x86_64 | 1.0.0 | 2.54 | 35.80 | 38.34 | NOTE | |
r-release-linux-x86_64 | 1.0.0 | 2.82 | 36.93 | 39.75 | NOTE | |
r-release-macos-arm64 | 1.0.0 | 19.00 | NOTE | |||
r-release-macos-x86_64 | 1.0.0 | 32.00 | NOTE | |||
r-release-windows-x86_64 | 1.0.0 | 10.00 | 80.00 | 90.00 | NOTE | |
r-oldrel-macos-arm64 | 1.0.0 | 20.00 | NOTE | |||
r-oldrel-macos-x86_64 | 1.0.0 | 26.00 | NOTE | |||
r-oldrel-windows-ix86+x86_64 | 1.0.0 | 10.00 | 67.00 | 77.00 | NOTE |
Version: 1.0.0
Check: LazyData
Result: NOTE
'LazyData' is specified without a 'data' directory
Flavors: r-devel-linux-x86_64-debian-clang, r-devel-linux-x86_64-debian-gcc, r-devel-linux-x86_64-fedora-clang, r-devel-linux-x86_64-fedora-gcc, r-devel-windows-x86_64, r-patched-linux-x86_64, r-release-linux-x86_64, r-release-macos-arm64, r-release-macos-x86_64, r-release-windows-x86_64, r-oldrel-macos-arm64, r-oldrel-macos-x86_64, r-oldrel-windows-ix86+x86_64