CRAN Package Check Results for Package regRSM

Last updated on 2024-06-15 15:49:15 CEST.

Flavor Version Tinstall Tcheck Ttotal Status Flags
r-devel-linux-x86_64-debian-clang 0.5 3.44 62.92 66.36 OK
r-devel-linux-x86_64-debian-gcc 0.5 2.63 44.69 47.32 OK
r-devel-linux-x86_64-fedora-clang 0.5 89.18 OK
r-devel-linux-x86_64-fedora-gcc 0.5 83.19 OK
r-devel-windows-x86_64 0.5 3.00 60.00 63.00 OK
r-patched-linux-x86_64 0.5 3.64 60.29 63.93 OK
r-release-linux-x86_64 0.5 3.56 59.63 63.19 OK
r-release-macos-arm64 0.5 7.00 ERROR
r-release-macos-x86_64 0.5 7.00 ERROR
r-release-windows-x86_64 0.5 4.00 62.00 66.00 OK
r-oldrel-macos-arm64 0.5 9.00 ERROR
r-oldrel-macos-x86_64 0.5 10.00 ERROR
r-oldrel-windows-x86_64 0.5 4.00 69.00 73.00 OK

Check Details

Version: 0.5
Check: package dependencies
Result: ERROR Package required but not available: ‘Rmpi’ See section ‘The DESCRIPTION file’ in the ‘Writing R Extensions’ manual. Flavors: r-release-macos-arm64, r-release-macos-x86_64, r-oldrel-macos-arm64, r-oldrel-macos-x86_64