Last updated on 2025-01-25 15:49:22 CET.
Flavor | Version | Tinstall | Tcheck | Ttotal | Status | Flags |
---|---|---|---|---|---|---|
r-devel-linux-x86_64-debian-clang | 1.0.7 | 86.35 | 73.73 | 160.08 | OK | |
r-devel-linux-x86_64-debian-gcc | 1.0.7 | 57.75 | 56.62 | 114.37 | OK | |
r-devel-linux-x86_64-fedora-clang | 1.0.7 | 299.09 | OK | |||
r-devel-linux-x86_64-fedora-gcc | 1.0.7 | 314.26 | OK | |||
r-devel-windows-x86_64 | 1.0.7 | 90.00 | 125.00 | 215.00 | OK | |
r-patched-linux-x86_64 | 1.0.7 | 83.86 | 69.69 | 153.55 | OK | |
r-release-linux-x86_64 | 1.0.7 | 79.90 | 69.31 | 149.21 | OK | |
r-release-macos-arm64 | 1.0.7 | 82.00 | NOTE | |||
r-release-macos-x86_64 | 1.0.7 | 101.00 | NOTE | |||
r-release-windows-x86_64 | 1.0.7 | 86.00 | 118.00 | 204.00 | OK | |
r-oldrel-macos-arm64 | 1.0.7 | 115.00 | NOTE | |||
r-oldrel-macos-x86_64 | 1.0.7 | 128.00 | NOTE | |||
r-oldrel-windows-x86_64 | 1.0.7 | 104.00 | 136.00 | 240.00 | OK |
Version: 1.0.7
Check: installed package size
Result: NOTE
installed size is 5.0Mb
sub-directories of 1Mb or more:
libs 4.3Mb
Flavors: r-release-macos-arm64, r-release-macos-x86_64, r-oldrel-macos-arm64, r-oldrel-macos-x86_64