CRAN Package Check Results for Package redist

Last updated on 2022-05-22 03:51:34 CEST.

Flavor Version Tinstall Tcheck Ttotal Status Flags
r-devel-linux-x86_64-debian-clang 3.1.5 499.70 407.92 907.62 WARN
r-devel-linux-x86_64-debian-gcc 3.1.5 389.39 294.91 684.30 OK
r-devel-linux-x86_64-fedora-clang 3.1.5 1231.87 WARN
r-devel-linux-x86_64-fedora-gcc 3.1.5 1172.13 OK
r-devel-windows-x86_64 3.1.5 410.00 489.00 899.00 NOTE
r-patched-linux-x86_64 3.1.5 326.27 371.44 697.71 OK
r-release-linux-x86_64 3.1.5 344.59 374.87 719.46 OK
r-release-macos-arm64 3.1.5 258.00 NOTE
r-release-macos-x86_64 3.1.5 414.00 NOTE
r-release-windows-x86_64 3.1.5 383.00 484.00 867.00 NOTE
r-oldrel-macos-arm64 3.1.5 275.00 NOTE
r-oldrel-macos-x86_64 3.1.5 326.00 NOTE
r-oldrel-windows-ix86+x86_64 3.1.5 1177.00 624.00 1801.00 NOTE

Additional issues

clang14

Check Details

Version: 3.1.5
Check: whether package can be installed
Result: WARN
    Found the following significant warnings:
     crsg.cpp:222:20: warning: use of bitwise '&' with boolean operands [-Wbitwise-instead-of-logical]
     crsg.cpp:239:24: warning: use of bitwise '&' with boolean operands [-Wbitwise-instead-of-logical]
     crsg.cpp:257:24: warning: use of bitwise '&' with boolean operands [-Wbitwise-instead-of-logical]
     rsg.cpp:115:9: warning: use of bitwise '|' with boolean operands [-Wbitwise-instead-of-logical]
Flavors: r-devel-linux-x86_64-debian-clang, r-devel-linux-x86_64-fedora-clang

Version: 3.1.5
Check: installed package size
Result: NOTE
     installed size is 14.8Mb
     sub-directories of 1Mb or more:
     libs 11.1Mb
Flavors: r-devel-linux-x86_64-fedora-clang, r-devel-windows-x86_64, r-release-macos-arm64, r-release-macos-x86_64, r-release-windows-x86_64, r-oldrel-macos-arm64, r-oldrel-macos-x86_64, r-oldrel-windows-ix86+x86_64

Version: 3.1.5
Check: package dependencies
Result: NOTE
    Package suggested but not available for checking: ‘Rmpi’
Flavors: r-release-macos-arm64, r-release-macos-x86_64, r-oldrel-macos-arm64, r-oldrel-macos-x86_64