Last updated on 2022-06-29 03:52:49 CEST.
Flavor | Version | Tinstall | Tcheck | Ttotal | Status | Flags |
---|---|---|---|---|---|---|
r-devel-linux-x86_64-debian-clang | 2.3 | 5.67 | 37.38 | 43.05 | OK | |
r-devel-linux-x86_64-debian-gcc | 2.3 | 4.35 | 28.66 | 33.01 | OK | |
r-devel-linux-x86_64-fedora-clang | 2.3 | 61.98 | NOTE | |||
r-devel-linux-x86_64-fedora-gcc | 2.3 | 61.32 | NOTE | |||
r-devel-windows-x86_64 | 2.3 | 63.00 | 61.00 | 124.00 | OK | |
r-patched-linux-x86_64 | 2.3 | 5.91 | 35.86 | 41.77 | OK | |
r-release-linux-x86_64 | 2.3 | 4.69 | 35.94 | 40.63 | OK | |
r-release-macos-arm64 | 2.3 | 22.00 | NOTE | |||
r-release-macos-x86_64 | 2.3 | 36.00 | NOTE | |||
r-release-windows-x86_64 | 2.3 | 59.00 | 60.00 | 119.00 | OK | |
r-oldrel-macos-arm64 | 2.3 | 20.00 | NOTE | |||
r-oldrel-macos-x86_64 | 2.3 | 27.00 | NOTE | |||
r-oldrel-windows-ix86+x86_64 | 2.3 | 11.00 | 54.00 | 65.00 | OK |
Version: 2.3
Check: dependencies in R code
Result: NOTE
Namespaces in Imports field not imported from:
‘DBI’ ‘readr’
All declared Imports should be used.
Flavors: r-devel-linux-x86_64-fedora-clang, r-devel-linux-x86_64-fedora-gcc, r-release-macos-arm64, r-release-macos-x86_64, r-oldrel-macos-arm64, r-oldrel-macos-x86_64