CRAN Package Check Results for Package reda

Last updated on 2024-06-25 05:01:03 CEST.

Flavor Version Tinstall Tcheck Ttotal Status Flags
r-devel-linux-x86_64-debian-clang 0.5.4 70.66 126.79 197.45 NOTE
r-devel-linux-x86_64-debian-gcc 0.5.4 46.39 94.08 140.47 NOTE
r-devel-linux-x86_64-fedora-clang 0.5.4 267.45 NOTE
r-devel-linux-x86_64-fedora-gcc 0.5.4 274.45 NOTE
r-devel-windows-x86_64 0.5.4 58.00 127.00 185.00 NOTE
r-patched-linux-x86_64 0.5.4 62.42 119.84 182.26 NOTE
r-release-linux-x86_64 0.5.4 60.22 121.63 181.85 NOTE
r-release-macos-arm64 0.5.4 63.00 NOTE
r-release-macos-x86_64 0.5.4 91.00 NOTE
r-release-windows-x86_64 0.5.4 59.00 129.00 188.00 NOTE
r-oldrel-macos-arm64 0.5.4 70.00 NOTE
r-oldrel-macos-x86_64 0.5.4 118.00 NOTE
r-oldrel-windows-x86_64 0.5.4 71.00 150.00 221.00 NOTE

Check Details

Version: 0.5.4
Check: C++ specification
Result: NOTE Specified C++11: please drop specification unless essential Flavors: r-devel-linux-x86_64-debian-clang, r-devel-linux-x86_64-debian-gcc, r-devel-linux-x86_64-fedora-clang, r-devel-linux-x86_64-fedora-gcc, r-devel-windows-x86_64, r-patched-linux-x86_64, r-release-linux-x86_64, r-release-macos-arm64, r-release-macos-x86_64, r-release-windows-x86_64, r-oldrel-macos-arm64, r-oldrel-macos-x86_64, r-oldrel-windows-x86_64

Version: 0.5.4
Check: Rd files
Result: NOTE checkRd: (-1) simEvent.Rd:112: Lost braces; missing escapes or markup? 112 | and another argument named {zCoef} for covariate coefficient vector. | ^ Flavors: r-devel-linux-x86_64-debian-clang, r-devel-linux-x86_64-debian-gcc, r-devel-linux-x86_64-fedora-clang, r-devel-linux-x86_64-fedora-gcc, r-devel-windows-x86_64, r-patched-linux-x86_64, r-release-linux-x86_64, r-release-macos-arm64, r-release-macos-x86_64, r-release-windows-x86_64

Version: 0.5.4
Check: installed package size
Result: NOTE installed size is 6.8Mb sub-directories of 1Mb or more: doc 3.3Mb libs 2.9Mb Flavors: r-release-macos-arm64, r-release-macos-x86_64, r-oldrel-macos-arm64, r-oldrel-macos-x86_64, r-oldrel-windows-x86_64