CRAN Package Check Results for Package readtextgrid

Last updated on 2022-06-27 15:53:52 CEST.

Flavor Version Tinstall Tcheck Ttotal Status Flags
r-devel-linux-x86_64-debian-clang 0.1.1 1.46 27.68 29.14 NOTE
r-devel-linux-x86_64-debian-gcc 0.1.1 1.65 21.26 22.91 NOTE
r-devel-linux-x86_64-fedora-clang 0.1.1 47.24 NOTE
r-devel-linux-x86_64-fedora-gcc 0.1.1 46.44 NOTE
r-devel-windows-x86_64 0.1.1 33.00 54.00 87.00 NOTE
r-patched-linux-x86_64 0.1.1 1.42 26.92 28.34 NOTE
r-release-linux-x86_64 0.1.1 1.63 26.67 28.30 NOTE
r-release-macos-arm64 0.1.1 17.00 NOTE
r-release-macos-x86_64 0.1.1 30.00 NOTE
r-release-windows-x86_64 0.1.1 27.00 52.00 79.00 NOTE
r-oldrel-macos-arm64 0.1.1 18.00 NOTE
r-oldrel-macos-x86_64 0.1.1 25.00 NOTE
r-oldrel-windows-ix86+x86_64 0.1.1 6.00 44.00 50.00 NOTE

Check Details

Version: 0.1.1
Check: LazyData
Result: NOTE
     'LazyData' is specified without a 'data' directory
Flavors: r-devel-linux-x86_64-debian-clang, r-devel-linux-x86_64-debian-gcc, r-devel-linux-x86_64-fedora-clang, r-devel-linux-x86_64-fedora-gcc, r-devel-windows-x86_64, r-patched-linux-x86_64, r-release-linux-x86_64, r-release-macos-arm64, r-release-macos-x86_64, r-release-windows-x86_64, r-oldrel-macos-arm64, r-oldrel-macos-x86_64, r-oldrel-windows-ix86+x86_64