CRAN Package Check Results for Package readsdr

Last updated on 2022-05-23 03:57:05 CEST.

Flavor Version Tinstall Tcheck Ttotal Status Flags
r-devel-linux-x86_64-debian-clang 0.2.0 3.44 56.68 60.12 NOTE
r-devel-linux-x86_64-debian-gcc 0.2.0 3.36 41.98 45.34 NOTE
r-devel-linux-x86_64-fedora-clang 0.2.0 71.33 NOTE
r-devel-linux-x86_64-fedora-gcc 0.2.0 59.69 NOTE
r-devel-windows-x86_64 0.2.0 31.00 76.00 107.00 NOTE
r-patched-linux-x86_64 0.2.0 4.59 53.55 58.14 NOTE
r-release-linux-x86_64 0.2.0 3.78 53.38 57.16 NOTE
r-release-macos-arm64 0.2.0 23.00 NOTE
r-release-macos-x86_64 0.2.0 40.00 NOTE
r-release-windows-x86_64 0.2.0 28.00 76.00 104.00 NOTE
r-oldrel-macos-arm64 0.2.0 33.00 NOTE
r-oldrel-macos-x86_64 0.2.0 37.00 NOTE
r-oldrel-windows-ix86+x86_64 0.2.0 10.00 66.00 76.00 NOTE

Check Details

Version: 0.2.0
Check: LazyData
Result: NOTE
     'LazyData' is specified without a 'data' directory
Flavors: r-devel-linux-x86_64-debian-clang, r-devel-linux-x86_64-debian-gcc, r-devel-linux-x86_64-fedora-clang, r-devel-linux-x86_64-fedora-gcc, r-devel-windows-x86_64, r-patched-linux-x86_64, r-release-linux-x86_64, r-release-macos-arm64, r-release-macos-x86_64, r-release-windows-x86_64, r-oldrel-macos-arm64, r-oldrel-macos-x86_64, r-oldrel-windows-ix86+x86_64