CRAN Package Check Results for Package readbulk

Last updated on 2022-06-26 15:53:08 CEST.

Flavor Version Tinstall Tcheck Ttotal Status Flags
r-devel-linux-x86_64-debian-clang 1.1.3 1.93 21.43 23.36 NOTE
r-devel-linux-x86_64-debian-gcc 1.1.3 1.67 16.79 18.46 NOTE
r-devel-linux-x86_64-fedora-clang 1.1.3 40.29 NOTE
r-devel-linux-x86_64-fedora-gcc 1.1.3 38.70 NOTE
r-devel-windows-x86_64 1.1.3 10.00 46.00 56.00 NOTE
r-patched-linux-x86_64 1.1.3 1.94 20.88 22.82 NOTE
r-release-linux-x86_64 1.1.3 1.61 20.80 22.41 NOTE
r-release-macos-arm64 1.1.3 14.00 NOTE
r-release-macos-x86_64 1.1.3 20.00 NOTE
r-release-windows-x86_64 1.1.3 11.00 45.00 56.00 NOTE
r-oldrel-macos-arm64 1.1.3 16.00 NOTE
r-oldrel-macos-x86_64 1.1.3 22.00 NOTE
r-oldrel-windows-ix86+x86_64 1.1.3 5.00 39.00 44.00 NOTE

Check Details

Version: 1.1.3
Check: LazyData
Result: NOTE
     'LazyData' is specified without a 'data' directory
Flavors: r-devel-linux-x86_64-debian-clang, r-devel-linux-x86_64-debian-gcc, r-devel-linux-x86_64-fedora-clang, r-devel-linux-x86_64-fedora-gcc, r-devel-windows-x86_64, r-patched-linux-x86_64, r-release-linux-x86_64, r-release-macos-arm64, r-release-macos-x86_64, r-release-windows-x86_64, r-oldrel-macos-arm64, r-oldrel-macos-x86_64, r-oldrel-windows-ix86+x86_64