CRAN Package Check Results for Package rbmi

Last updated on 2025-01-25 03:50:04 CET.

Flavor Version Tinstall Tcheck Ttotal Status Flags
r-devel-linux-x86_64-debian-clang 1.3.1 9.68 323.15 332.83 NOTE
r-devel-linux-x86_64-debian-gcc 1.3.1 6.41 256.21 262.62 NOTE
r-devel-linux-x86_64-fedora-clang 1.3.1 507.44 OK
r-devel-linux-x86_64-fedora-gcc 1.3.1 665.01 NOTE
r-devel-windows-x86_64 1.3.1 13.00 249.00 262.00 OK
r-patched-linux-x86_64 1.3.1 11.95 353.57 365.52 OK
r-release-linux-x86_64 1.3.1 9.24 353.68 362.92 OK
r-release-macos-arm64 1.3.1 154.00 OK
r-release-macos-x86_64 1.3.1 287.00 OK
r-release-windows-x86_64 1.3.1 12.00 251.00 263.00 OK
r-oldrel-macos-arm64 1.3.1 139.00 OK
r-oldrel-macos-x86_64 1.3.1 289.00 OK
r-oldrel-windows-x86_64 1.3.1 15.00 302.00 317.00 OK

Check Details

Version: 1.3.1
Check: DESCRIPTION meta-information
Result: NOTE Missing dependency on R >= 4.1.0 because package code uses the pipe |> or function shorthand \(...) syntax added in R 4.1.0. File(s) using such syntax: ‘analyse.R’ ‘lsmeans.R’ Flavors: r-devel-linux-x86_64-debian-clang, r-devel-linux-x86_64-debian-gcc, r-devel-linux-x86_64-fedora-gcc