Last updated on 2022-07-04 03:52:26 CEST.
Flavor | Version | Tinstall | Tcheck | Ttotal | Status | Flags |
---|---|---|---|---|---|---|
r-devel-linux-x86_64-debian-clang | 0.24.10 | 115.26 | 143.95 | 259.21 | OK | |
r-devel-linux-x86_64-debian-gcc | 0.24.10 | 91.68 | 110.23 | 201.91 | OK | |
r-devel-linux-x86_64-fedora-clang | 0.24.10 | 367.36 | NOTE | |||
r-devel-linux-x86_64-fedora-gcc | 0.24.10 | 339.33 | OK | |||
r-devel-windows-x86_64 | 0.24.10 | 145.00 | 211.00 | 356.00 | OK | |
r-patched-linux-x86_64 | 0.24.10 | 97.18 | 141.39 | 238.57 | OK | |
r-release-linux-x86_64 | 0.24.10 | 100.38 | 140.87 | 241.25 | OK | |
r-release-macos-arm64 | 0.24.10 | 84.00 | NOTE | |||
r-release-macos-x86_64 | 0.24.10 | 116.00 | NOTE | |||
r-release-windows-x86_64 | 0.24.10 | 130.00 | 213.00 | 343.00 | OK | |
r-oldrel-macos-arm64 | 0.24.10 | 106.00 | NOTE | |||
r-oldrel-macos-x86_64 | 0.24.10 | 131.00 | NOTE | |||
r-oldrel-windows-ix86+x86_64 | 0.24.10 | 273.00 | 226.00 | 499.00 | NOTE |
Version: 0.24.10
Check: installed package size
Result: NOTE
installed size is 6.2Mb
sub-directories of 1Mb or more:
data 3.0Mb
libs 2.7Mb
Flavors: r-devel-linux-x86_64-fedora-clang, r-release-macos-arm64, r-release-macos-x86_64, r-oldrel-macos-arm64, r-oldrel-macos-x86_64, r-oldrel-windows-ix86+x86_64