Last updated on 2022-05-26 15:53:20 CEST.
Flavor | Version | Tinstall | Tcheck | Ttotal | Status | Flags |
---|---|---|---|---|---|---|
r-devel-linux-x86_64-debian-clang | 0.23.6 | 384.72 | 90.66 | 475.38 | OK | |
r-devel-linux-x86_64-debian-gcc | 0.23.6 | 343.48 | 75.10 | 418.58 | OK | |
r-devel-linux-x86_64-fedora-clang | 0.23.6 | 727.10 | NOTE | |||
r-devel-linux-x86_64-fedora-gcc | 0.23.6 | 641.53 | OK | |||
r-devel-windows-x86_64 | 0.23.6 | 333.00 | 151.00 | 484.00 | OK | |
r-patched-linux-x86_64 | 0.23.6 | 339.94 | 87.01 | 426.95 | OK | |
r-release-linux-x86_64 | 0.23.6 | OK | ||||
r-release-macos-arm64 | 0.23.6 | 144.00 | NOTE | |||
r-release-macos-x86_64 | 0.23.6 | 187.00 | NOTE | |||
r-release-windows-x86_64 | 0.23.6 | 322.00 | 143.00 | 465.00 | OK | |
r-oldrel-macos-arm64 | 0.23.6 | 187.00 | NOTE | |||
r-oldrel-macos-x86_64 | 0.23.6 | 185.00 | NOTE | |||
r-oldrel-windows-ix86+x86_64 | 0.23.6 | 946.00 | 165.00 | 1111.00 | NOTE |
Version: 0.23.6
Check: installed package size
Result: NOTE
installed size is 13.3Mb
sub-directories of 1Mb or more:
libs 12.7Mb
Flavors: r-devel-linux-x86_64-fedora-clang, r-release-macos-arm64, r-release-macos-x86_64, r-oldrel-macos-arm64, r-oldrel-macos-x86_64, r-oldrel-windows-ix86+x86_64