CRAN Package Check Results for Package rattle

Last updated on 2022-01-21 16:51:04 CET.

Flavor Version Tinstall Tcheck Ttotal Status Flags
r-devel-linux-x86_64-debian-clang 5.4.0 25.80 118.82 144.62 NOTE
r-devel-linux-x86_64-debian-gcc 5.4.0 20.69 87.49 108.18 NOTE
r-devel-linux-x86_64-fedora-clang 5.4.0 175.17 NOTE
r-devel-linux-x86_64-fedora-gcc 5.4.0 158.35 NOTE
r-devel-windows-x86_64-new-UL 5.4.0 109.00 140.00 249.00 NOTE
r-devel-windows-x86_64-new-TK 5.4.0 NOTE
r-patched-linux-x86_64 5.4.0 22.33 114.33 136.66 NOTE
r-release-linux-x86_64 5.4.0 26.49 110.89 137.38 NOTE
r-release-macos-arm64 5.4.0 NOTE
r-release-macos-x86_64 5.4.0 NOTE
r-release-windows-ix86+x86_64 5.4.0 38.00 123.00 161.00 NOTE
r-oldrel-macos-x86_64 5.4.0 NOTE
r-oldrel-windows-ix86+x86_64 5.4.0 38.00 123.00 161.00 NOTE

Check Details

Version: 5.4.0
Check: package dependencies
Result: NOTE
    Packages suggested but not available for checking:
     'cairoDevice', 'rggobi', 'RGtk2'
Flavors: r-devel-linux-x86_64-debian-clang, r-devel-linux-x86_64-debian-gcc, r-devel-linux-x86_64-fedora-clang, r-devel-linux-x86_64-fedora-gcc, r-devel-windows-x86_64-new-TK, r-patched-linux-x86_64, r-release-linux-x86_64

Version: 5.4.0
Check: installed package size
Result: NOTE
     installed size is 8.5Mb
     sub-directories of 1Mb or more:
     data 3.6Mb
     etc 1.9Mb
     po 1.2Mb
Flavors: r-devel-linux-x86_64-fedora-clang, r-devel-windows-x86_64-new-UL, r-release-macos-arm64, r-release-macos-x86_64, r-release-windows-ix86+x86_64, r-oldrel-macos-x86_64, r-oldrel-windows-ix86+x86_64

Version: 5.4.0
Check: package dependencies
Result: NOTE
    Package suggested but not available for checking: 'rggobi'
Flavors: r-devel-windows-x86_64-new-UL, r-release-macos-x86_64, r-oldrel-macos-x86_64

Version: 5.4.0
Check: package dependencies
Result: NOTE
    Packages suggested but not available for checking:
     'cairoDevice', 'rggobi', 'RGtk2', 'RODBC'
Flavor: r-release-macos-arm64