CRAN Package Check Results for Package rapportools

Last updated on 2022-06-28 15:53:25 CEST.

Flavor Version Tinstall Tcheck Ttotal Status Flags
r-devel-linux-x86_64-debian-clang 1.1 3.23 37.93 41.16 OK
r-devel-linux-x86_64-debian-gcc 1.1 3.17 30.19 33.36 OK
r-devel-linux-x86_64-fedora-clang 1.1 63.36 NOTE
r-devel-linux-x86_64-fedora-gcc 1.1 62.31 OK
r-devel-windows-x86_64 1.1 73.00 73.00 146.00 OK
r-patched-linux-x86_64 1.1 5.22 37.84 43.06 OK
r-release-linux-x86_64 1.1 4.13 37.35 41.48 OK
r-release-macos-arm64 1.1 21.00 OK
r-release-macos-x86_64 1.1 30.00 OK
r-release-windows-x86_64 1.1 51.00 73.00 124.00 OK
r-oldrel-macos-arm64 1.1 19.00 OK
r-oldrel-macos-x86_64 1.1 28.00 OK
r-oldrel-windows-ix86+x86_64 1.1 9.00 58.00 67.00 OK

Check Details

Version: 1.1
Check: Rd cross-references
Result: NOTE
    Undeclared package ‘reshape’ in Rd xrefs
Flavor: r-devel-linux-x86_64-fedora-clang