Last updated on 2022-05-19 04:51:12 CEST.
Flavor | Version | Tinstall | Tcheck | Ttotal | Status | Flags |
---|---|---|---|---|---|---|
r-devel-linux-x86_64-debian-clang | 0.1.18 | 35.17 | 372.21 | 407.38 | OK | |
r-devel-linux-x86_64-debian-gcc | 0.1.18 | 28.52 | 272.64 | 301.16 | OK | |
r-devel-linux-x86_64-fedora-clang | 0.1.18 | 475.73 | NOTE | |||
r-devel-linux-x86_64-fedora-gcc | 0.1.18 | 491.69 | NOTE | |||
r-devel-windows-x86_64 | 0.1.18 | 64.00 | 406.00 | 470.00 | OK | |
r-patched-linux-x86_64 | 0.1.18 | 35.29 | 353.03 | 388.32 | OK | |
r-release-linux-x86_64 | 0.1.18 | 32.11 | 352.74 | 384.85 | OK | |
r-release-macos-arm64 | 0.1.18 | 116.00 | NOTE | |||
r-release-macos-x86_64 | 0.1.18 | 217.00 | NOTE | |||
r-release-windows-x86_64 | 0.1.18 | 76.00 | 399.00 | 475.00 | OK | |
r-oldrel-macos-arm64 | 0.1.18 | 94.00 | NOTE | |||
r-oldrel-macos-x86_64 | 0.1.18 | 89.00 | NOTE | |||
r-oldrel-windows-ix86+x86_64 | 0.1.18 | 89.00 | 403.00 | 492.00 | OK |
Version: 0.1.18
Check: data for non-ASCII characters
Result: NOTE
Note: found 7734 marked UTF-8 strings
Flavors: r-devel-linux-x86_64-fedora-clang, r-devel-linux-x86_64-fedora-gcc, r-release-macos-arm64, r-release-macos-x86_64, r-oldrel-macos-arm64, r-oldrel-macos-x86_64