CRAN Package Check Results for Package randomForest

Last updated on 2022-01-21 03:56:09 CET.

Flavor Version Tinstall Tcheck Ttotal Status Flags
r-devel-linux-x86_64-debian-clang 4.6-14 OK
r-devel-linux-x86_64-debian-gcc 4.6-14 5.75 31.94 37.69 ERROR
r-devel-linux-x86_64-fedora-clang 4.6-14 65.00 ERROR
r-devel-linux-x86_64-fedora-gcc 4.6-14 50.69 ERROR
r-devel-windows-x86_64-new-UL 4.6-14 123.00 60.00 183.00 ERROR
r-devel-windows-x86_64-new-TK 4.6-14 OK
r-patched-linux-x86_64 4.6-14 7.62 44.31 51.93 OK
r-release-linux-x86_64 4.6-14 6.64 44.85 51.49 OK
r-release-macos-arm64 4.6-14 OK
r-release-macos-x86_64 4.6-14 OK
r-release-windows-ix86+x86_64 4.6-14 20.00 68.00 88.00 OK
r-oldrel-macos-x86_64 4.6-14 OK
r-oldrel-windows-ix86+x86_64 4.6-14 20.00 68.00 88.00 OK

Check Details

Version: 4.6-14
Check: examples
Result: ERROR
    Running examples in ‘randomForest-Ex.R’ failed
    The error most likely occurred in:
    
    > base::assign(".ptime", proc.time(), pos = "CheckExEnv")
    > ### Name: na.roughfix
    > ### Title: Rough Imputation of Missing Values
    > ### Aliases: na.roughfix na.roughfix.default na.roughfix.data.frame
    > ### Keywords: NA
    >
    > ### ** Examples
    >
    > data(iris)
    > iris.na <- iris
    > set.seed(111)
    > ## artificially drop some data values.
    > for (i in 1:4) iris.na[sample(150, sample(20)), i] <- NA
    Error in sample.int(x, size, replace, prob) : invalid 'size' argument
    Calls: [<- -> [<-.data.frame -> sample -> sample.int
    Execution halted
Flavor: r-devel-linux-x86_64-debian-gcc

Version: 4.6-14
Check: examples
Result: ERROR
    Running examples in ‘randomForest-Ex.R’ failed
    The error most likely occurred in:
    
    > ### Name: na.roughfix
    > ### Title: Rough Imputation of Missing Values
    > ### Aliases: na.roughfix na.roughfix.default na.roughfix.data.frame
    > ### Keywords: NA
    >
    > ### ** Examples
    >
    > data(iris)
    > iris.na <- iris
    > set.seed(111)
    > ## artificially drop some data values.
    > for (i in 1:4) iris.na[sample(150, sample(20)), i] <- NA
    Error in sample.int(x, size, replace, prob) : invalid 'size' argument
    Calls: [<- -> [<-.data.frame -> sample -> sample.int
    Execution halted
Flavors: r-devel-linux-x86_64-fedora-clang, r-devel-linux-x86_64-fedora-gcc, r-devel-windows-x86_64-new-UL