Last updated on 2022-06-28 15:53:25 CEST.
Flavor | Version | Tinstall | Tcheck | Ttotal | Status | Flags |
---|---|---|---|---|---|---|
r-devel-linux-x86_64-debian-clang | 0.1.5 | 2.72 | 25.20 | 27.92 | NOTE | |
r-devel-linux-x86_64-debian-gcc | 0.1.5 | 2.24 | 19.63 | 21.87 | NOTE | |
r-devel-linux-x86_64-fedora-clang | 0.1.5 | 45.31 | NOTE | |||
r-devel-linux-x86_64-fedora-gcc | 0.1.5 | 43.67 | NOTE | |||
r-devel-windows-x86_64 | 0.1.5 | 20.00 | 55.00 | 75.00 | NOTE | |
r-patched-linux-x86_64 | 0.1.5 | 3.24 | 24.19 | 27.43 | NOTE | |
r-release-linux-x86_64 | 0.1.5 | 2.80 | 24.08 | 26.88 | NOTE | |
r-release-macos-arm64 | 0.1.5 | 17.00 | NOTE | |||
r-release-macos-x86_64 | 0.1.5 | 27.00 | NOTE | |||
r-release-windows-x86_64 | 0.1.5 | 29.00 | 51.00 | 80.00 | NOTE | |
r-oldrel-macos-arm64 | 0.1.5 | 21.00 | NOTE | |||
r-oldrel-macos-x86_64 | 0.1.5 | 22.00 | NOTE | |||
r-oldrel-windows-ix86+x86_64 | 0.1.5 | 7.00 | 44.00 | 51.00 | NOTE |
Version: 0.1.5
Check: LazyData
Result: NOTE
'LazyData' is specified without a 'data' directory
Flavors: r-devel-linux-x86_64-debian-clang, r-devel-linux-x86_64-debian-gcc, r-devel-linux-x86_64-fedora-clang, r-devel-linux-x86_64-fedora-gcc, r-devel-windows-x86_64, r-patched-linux-x86_64, r-release-linux-x86_64, r-release-macos-arm64, r-release-macos-x86_64, r-release-windows-x86_64, r-oldrel-macos-arm64, r-oldrel-macos-x86_64, r-oldrel-windows-ix86+x86_64