CRAN Package Check Results for Package rainfarmr

Last updated on 2024-06-15 15:49:15 CEST.

Flavor Version Tinstall Tcheck Ttotal Status Flags
r-devel-linux-x86_64-debian-clang 0.1 2.41 25.92 28.33 NOTE
r-devel-linux-x86_64-debian-gcc 0.1 2.06 19.69 21.75 NOTE
r-devel-linux-x86_64-fedora-clang 0.1 35.55 NOTE
r-devel-linux-x86_64-fedora-gcc 0.1 33.11 NOTE
r-devel-windows-x86_64 0.1 3.00 39.00 42.00 NOTE
r-patched-linux-x86_64 0.1 2.41 24.51 26.92 NOTE
r-release-linux-x86_64 0.1 2.63 24.67 27.30 NOTE
r-release-macos-arm64 0.1 15.00 NOTE
r-release-macos-x86_64 0.1 30.00 NOTE
r-release-windows-x86_64 0.1 3.00 39.00 42.00 NOTE
r-oldrel-macos-arm64 0.1 15.00 NOTE
r-oldrel-macos-x86_64 0.1 22.00 NOTE
r-oldrel-windows-x86_64 0.1 7.00 41.00 48.00 NOTE

Check Details

Version: 0.1
Check: LazyData
Result: NOTE 'LazyData' is specified without a 'data' directory Flavors: r-devel-linux-x86_64-debian-clang, r-devel-linux-x86_64-debian-gcc, r-devel-linux-x86_64-fedora-clang, r-devel-linux-x86_64-fedora-gcc, r-devel-windows-x86_64, r-patched-linux-x86_64, r-release-linux-x86_64, r-release-macos-arm64, r-release-macos-x86_64, r-release-windows-x86_64, r-oldrel-macos-arm64, r-oldrel-macos-x86_64, r-oldrel-windows-x86_64