Last updated on 2022-05-21 04:59:18 CEST.
Flavor | Version | Tinstall | Tcheck | Ttotal | Status | Flags |
---|---|---|---|---|---|---|
r-devel-linux-x86_64-debian-clang | 1.0.0 | 6.99 | 73.83 | 80.82 | NOTE | |
r-devel-linux-x86_64-debian-gcc | 1.0.0 | 5.01 | 54.05 | 59.06 | NOTE | |
r-devel-linux-x86_64-fedora-clang | 1.0.0 | 96.06 | NOTE | |||
r-devel-linux-x86_64-fedora-gcc | 1.0.0 | 91.19 | NOTE | |||
r-devel-windows-x86_64 | 1.0.0 | 16.00 | 88.00 | 104.00 | NOTE | |
r-patched-linux-x86_64 | 1.0.0 | 5.46 | 67.61 | 73.07 | NOTE | |
r-release-linux-x86_64 | 1.0.0 | 5.31 | 66.99 | 72.30 | NOTE | |
r-release-macos-arm64 | 1.0.0 | 27.00 | NOTE | |||
r-release-macos-x86_64 | 1.0.0 | 53.00 | NOTE | |||
r-release-windows-x86_64 | 1.0.0 | 14.00 | 89.00 | 103.00 | NOTE | |
r-oldrel-macos-arm64 | 1.0.0 | 29.00 | NOTE | |||
r-oldrel-macos-x86_64 | 1.0.0 | 41.00 | NOTE | |||
r-oldrel-windows-ix86+x86_64 | 1.0.0 | 17.00 | 80.00 | 97.00 | NOTE |
Version: 1.0.0
Check: LazyData
Result: NOTE
'LazyData' is specified without a 'data' directory
Flavors: r-devel-linux-x86_64-debian-clang, r-devel-linux-x86_64-debian-gcc, r-devel-linux-x86_64-fedora-clang, r-devel-linux-x86_64-fedora-gcc, r-devel-windows-x86_64, r-patched-linux-x86_64, r-release-linux-x86_64, r-release-macos-arm64, r-release-macos-x86_64, r-release-windows-x86_64, r-oldrel-macos-arm64, r-oldrel-macos-x86_64, r-oldrel-windows-ix86+x86_64