CRAN Package Check Results for Package rabhit

Last updated on 2024-02-21 15:50:55 CET.

Flavor Version Tinstall Tcheck Ttotal Status Flags
r-devel-linux-x86_64-debian-clang 0.2.5 OK
r-devel-linux-x86_64-debian-gcc 0.2.5 42.65 467.96 510.61 OK
r-devel-linux-x86_64-fedora-clang 0.2.5 701.11 NOTE
r-devel-linux-x86_64-fedora-gcc 0.2.5 851.28 OK
r-devel-windows-x86_64 0.2.5 46.00 457.00 503.00 OK
r-patched-linux-x86_64 0.2.5 38.35 603.20 641.55 OK
r-release-linux-x86_64 0.2.5 36.49 597.49 633.98 OK
r-release-macos-arm64 0.2.5 233.00 OK
r-release-macos-x86_64 0.2.5 343.00 OK
r-release-windows-x86_64 0.2.5 60.00 564.00 624.00 OK
r-oldrel-macos-arm64 0.2.5 168.00 OK
r-oldrel-windows-x86_64 0.2.5 55.00 510.00 565.00 OK

Check Details

Version: 0.2.5
Check: package dependencies
Result: NOTE Imports includes 21 non-default packages. Importing from so many packages makes the package vulnerable to any of them becoming unavailable. Move as many as possible to Suggests and use conditionally. Flavor: r-devel-linux-x86_64-fedora-clang