CRAN Package Check Results for Package rTLS

Last updated on 2022-07-04 03:52:28 CEST.

Flavor Version Tinstall Tcheck Ttotal Status Flags
r-devel-linux-x86_64-debian-clang 0.2.5.2 166.54 161.60 328.14 WARN
r-devel-linux-x86_64-debian-gcc 0.2.5.2 131.85 126.20 258.05 OK
r-devel-linux-x86_64-fedora-clang 0.2.5.2 457.00 WARN
r-devel-linux-x86_64-fedora-gcc 0.2.5.2 412.37 NOTE
r-devel-windows-x86_64 0.2.5.2 155.00 212.00 367.00 NOTE
r-patched-linux-x86_64 0.2.5.2 145.03 155.82 300.85 OK
r-release-linux-x86_64 0.2.5.2 139.63 153.15 292.78 OK
r-release-macos-arm64 0.2.5.2 106.00 NOTE
r-release-macos-x86_64 0.2.5.2 162.00 NOTE
r-release-windows-x86_64 0.2.5.2 147.00 223.00 370.00 NOTE
r-oldrel-macos-arm64 0.2.5.2 97.00 NOTE
r-oldrel-macos-x86_64 0.2.5.2 139.00 NOTE
r-oldrel-windows-ix86+x86_64 0.2.5.2 396.00 299.00 695.00 NOTE

Additional issues

clang14

Check Details

Version: 0.2.5.2
Check: whether package can be installed
Result: WARN
    Found the following significant warnings:
     line_AABB_rcpp.cpp:59:6: warning: use of bitwise '&' with boolean operands [-Wbitwise-instead-of-logical]
     line_AABB_rcpp.cpp:60:8: warning: use of bitwise '&' with boolean operands [-Wbitwise-instead-of-logical]
     line_AABB_rcpp.cpp:61:10: warning: use of bitwise '&' with boolean operands [-Wbitwise-instead-of-logical]
     line_AABB_rcpp.cpp:70:6: warning: use of bitwise '&' with boolean operands [-Wbitwise-instead-of-logical]
     line_AABB_rcpp.cpp:71:8: warning: use of bitwise '&' with boolean operands [-Wbitwise-instead-of-logical]
     line_AABB_rcpp.cpp:72:10: warning: use of bitwise '&' with boolean operands [-Wbitwise-instead-of-logical]
Flavors: r-devel-linux-x86_64-debian-clang, r-devel-linux-x86_64-fedora-clang

Version: 0.2.5.2
Check: installed package size
Result: NOTE
     installed size is 7.8Mb
     sub-directories of 1Mb or more:
     data 3.4Mb
     extdata 1.4Mb
     libs 2.7Mb
Flavors: r-devel-linux-x86_64-fedora-clang, r-devel-windows-x86_64, r-release-macos-arm64, r-release-macos-x86_64, r-release-windows-x86_64, r-oldrel-macos-arm64, r-oldrel-macos-x86_64, r-oldrel-windows-ix86+x86_64

Version: 0.2.5.2
Check: dependencies in R code
Result: NOTE
    Namespaces in Imports field not imported from:
     ‘Rcpp’ ‘RcppProgress’
     All declared Imports should be used.
Flavors: r-devel-linux-x86_64-fedora-clang, r-devel-linux-x86_64-fedora-gcc, r-release-macos-arm64, r-release-macos-x86_64, r-oldrel-macos-arm64, r-oldrel-macos-x86_64