CRAN Package Check Results for Package rSPDE

Last updated on 2022-09-26 03:56:17 CEST.

Flavor Version Tinstall Tcheck Ttotal Status Flags
r-devel-linux-x86_64-debian-clang 1.2.0 12.26 272.38 284.64 NOTE
r-devel-linux-x86_64-debian-gcc 1.2.0 11.69 213.72 225.41 NOTE
r-devel-linux-x86_64-fedora-clang 1.2.0 357.25 NOTE
r-devel-linux-x86_64-fedora-gcc 1.2.0 356.07 OK
r-devel-windows-x86_64 1.1.1 26.00 122.00 148.00 NOTE
r-patched-linux-x86_64 1.2.0 15.44 259.89 275.33 NOTE
r-release-linux-x86_64 1.2.0 15.28 264.53 279.81 NOTE
r-release-macos-arm64 1.2.0 138.00 NOTE
r-release-macos-x86_64 1.2.0 191.00 NOTE
r-release-windows-x86_64 1.2.0 1079.00 510.00 1589.00 NOTE
r-oldrel-macos-arm64 1.2.0 126.00 NOTE
r-oldrel-macos-x86_64 1.2.0 186.00 NOTE
r-oldrel-windows-ix86+x86_64 1.2.0 110.00 462.00 572.00 NOTE

Check Details

Version: 1.2.0
Check: package dependencies
Result: NOTE
    Package suggested but not available for checking: 'INLA'
Flavors: r-devel-linux-x86_64-debian-clang, r-devel-linux-x86_64-debian-gcc, r-patched-linux-x86_64, r-release-linux-x86_64, r-release-macos-arm64, r-release-macos-x86_64, r-release-windows-x86_64, r-oldrel-macos-arm64, r-oldrel-macos-x86_64

Version: 1.2.0
Check: installed package size
Result: NOTE
     installed size is 5.3Mb
     sub-directories of 1Mb or more:
     R 1.6Mb
     doc 2.2Mb
     help 1.4Mb
Flavors: r-devel-linux-x86_64-fedora-clang, r-release-macos-arm64, r-release-macos-x86_64, r-release-windows-x86_64, r-oldrel-macos-arm64, r-oldrel-macos-x86_64, r-oldrel-windows-ix86+x86_64

Version: 1.1.1
Check: package dependencies
Result: NOTE
    Package suggested but not available for checking: 'INLA'
Flavor: r-devel-windows-x86_64