Last updated on 2022-08-10 04:54:11 CEST.
Flavor | Version | Tinstall | Tcheck | Ttotal | Status | Flags |
---|---|---|---|---|---|---|
r-devel-linux-x86_64-debian-clang | 0.3.2 | 11.32 | 79.39 | 90.71 | NOTE | |
r-devel-linux-x86_64-debian-gcc | 0.3.2 | 9.43 | 60.95 | 70.38 | NOTE | |
r-devel-linux-x86_64-fedora-clang | 0.3.2 | 119.11 | NOTE | |||
r-devel-linux-x86_64-fedora-gcc | 0.3.2 | 117.80 | NOTE | |||
r-devel-windows-x86_64 | 0.3.2 | 28.00 | 114.00 | 142.00 | NOTE | |
r-patched-linux-x86_64 | 0.3.2 | 7.94 | 74.93 | 82.87 | NOTE | |
r-release-linux-x86_64 | 0.3.2 | NOTE | ||||
r-release-macos-arm64 | 0.3.2 | 33.00 | NOTE | |||
r-release-macos-x86_64 | 0.3.2 | 45.00 | NOTE | |||
r-release-windows-x86_64 | 0.3.2 | 25.00 | 105.00 | 130.00 | NOTE | |
r-oldrel-macos-arm64 | 0.3.2 | 35.00 | NOTE | |||
r-oldrel-macos-x86_64 | 0.3.2 | 54.00 | NOTE | |||
r-oldrel-windows-ix86+x86_64 | 0.3.2 | 23.00 | 104.00 | 127.00 | NOTE |
Version: 0.3.2
Check: LazyData
Result: NOTE
'LazyData' is specified without a 'data' directory
Flavors: r-devel-linux-x86_64-debian-clang, r-devel-linux-x86_64-debian-gcc, r-devel-linux-x86_64-fedora-clang, r-devel-linux-x86_64-fedora-gcc, r-devel-windows-x86_64, r-patched-linux-x86_64, r-release-linux-x86_64, r-release-macos-arm64, r-release-macos-x86_64, r-release-windows-x86_64, r-oldrel-macos-arm64, r-oldrel-macos-x86_64, r-oldrel-windows-ix86+x86_64