CRAN Package Check Results for Package rChoiceDialogs

Last updated on 2022-06-27 03:51:22 CEST.

Flavor Version Tinstall Tcheck Ttotal Status Flags
r-devel-linux-x86_64-debian-clang 1.0.6 3.51 44.40 47.91 NOTE
r-devel-linux-x86_64-debian-gcc 1.0.6.1 2.68 33.75 36.43 OK
r-devel-linux-x86_64-fedora-clang 1.0.6.1 67.77 OK
r-devel-linux-x86_64-fedora-gcc 1.0.6.1 67.17 OK
r-devel-windows-x86_64 1.0.6 41.00 166.00 207.00 NOTE
r-patched-linux-x86_64 1.0.6.1 4.15 42.28 46.43 OK
r-release-linux-x86_64 1.0.6.1 3.30 43.25 46.55 OK
r-release-macos-arm64 1.0.6.1 23.00 OK
r-release-macos-x86_64 1.0.6.1 35.00 OK
r-release-windows-x86_64 1.0.6 10.00 82.00 92.00 NOTE
r-oldrel-macos-arm64 1.0.6.1 29.00 OK
r-oldrel-macos-x86_64 1.0.6.1 36.00 OK
r-oldrel-windows-ix86+x86_64 1.0.6 9.00 52.00 61.00 NOTE

Check Details

Version: 1.0.6
Check: DESCRIPTION meta-information
Result: NOTE
    Malformed Description field: should contain one or more complete sentences.
Flavors: r-devel-linux-x86_64-debian-clang, r-devel-windows-x86_64, r-release-windows-x86_64, r-oldrel-windows-ix86+x86_64

Version: 1.0.6
Check: R code for possible problems
Result: NOTE
    .onAttach: no visible global function definition for
     'packageDescription'
    rselect.list: no visible global function definition for 'select.list'
    Undefined global functions or variables:
     packageDescription select.list
    Consider adding
     importFrom("utils", "packageDescription", "select.list")
    to your NAMESPACE file.
Flavors: r-devel-linux-x86_64-debian-clang, r-devel-windows-x86_64, r-release-windows-x86_64, r-oldrel-windows-ix86+x86_64