CRAN Package Check Results for Package rBeta2009

Last updated on 2022-08-07 15:55:58 CEST.

Flavor Version Tinstall Tcheck Ttotal Status Flags
r-devel-linux-x86_64-debian-clang 1.0 3.54 22.16 25.70 OK
r-devel-linux-x86_64-debian-gcc 1.0 2.75 17.37 20.12 OK
r-devel-linux-x86_64-fedora-clang 1.0 42.56 NOTE
r-devel-linux-x86_64-fedora-gcc 1.0 40.65 NOTE
r-devel-windows-x86_64 1.0 13.00 55.00 68.00 OK
r-patched-linux-x86_64 1.0 3.23 20.89 24.12 OK
r-release-linux-x86_64 1.0 3.03 21.65 24.68 OK
r-release-macos-arm64 1.0 16.00 OK
r-release-macos-x86_64 1.0 22.00 OK
r-release-windows-x86_64 1.0 9.00 50.00 59.00 OK
r-oldrel-macos-arm64 1.0 18.00 OK
r-oldrel-macos-x86_64 1.0 27.00 OK
r-oldrel-windows-ix86+x86_64 1.0 9.00 34.00 43.00 OK

Check Details

Version: 1.0
Check: Rd cross-references
Result: NOTE
    Undeclared packages ‘MCMCpack’, ‘gtools’ in Rd xrefs
Flavor: r-devel-linux-x86_64-fedora-clang

Version: 1.0
Check: compiled code
Result: NOTE
    File ‘rBeta2009/libs/rBeta2009.so’:
     Found no calls to: ‘R_registerRoutines’, ‘R_useDynamicSymbols’
    
    It is good practice to register native routines and to disable symbol
    search.
    
    See ‘Writing portable packages’ in the ‘Writing R Extensions’ manual.
Flavors: r-devel-linux-x86_64-fedora-clang, r-devel-linux-x86_64-fedora-gcc