Last updated on 2022-06-26 03:50:09 CEST.
Flavor | Version | Tinstall | Tcheck | Ttotal | Status | Flags |
---|---|---|---|---|---|---|
r-devel-linux-x86_64-debian-clang | 1.5.0 | 9.50 | 74.29 | 83.79 | OK | |
r-devel-linux-x86_64-debian-gcc | 1.5.0 | 9.17 | 55.51 | 64.68 | OK | |
r-devel-linux-x86_64-fedora-clang | 1.5.0 | 108.13 | NOTE | |||
r-devel-linux-x86_64-fedora-gcc | 1.5.0 | 108.17 | OK | |||
r-devel-windows-x86_64 | 1.5.0 | 195.00 | 106.00 | 301.00 | NOTE | |
r-patched-linux-x86_64 | 1.5.0 | 10.82 | 70.55 | 81.37 | OK | |
r-release-linux-x86_64 | 1.5.0 | 10.63 | 71.46 | 82.09 | OK | |
r-release-macos-arm64 | 1.5.0 | 31.00 | NOTE | |||
r-release-macos-x86_64 | 1.5.0 | 60.00 | NOTE | |||
r-release-windows-x86_64 | 1.5.0 | 212.00 | 110.00 | 322.00 | NOTE | |
r-oldrel-macos-arm64 | 1.5.0 | 34.00 | NOTE | |||
r-oldrel-macos-x86_64 | 1.5.0 | 130.00 | NOTE | |||
r-oldrel-windows-ix86+x86_64 | 1.5.0 | 23.00 | 93.00 | 116.00 | NOTE |
Version: 1.5.0
Check: installed package size
Result: NOTE
installed size is 11.3Mb
sub-directories of 1Mb or more:
htmlwidgets 9.8Mb
super-tiny-icons 1.0Mb
Flavors: r-devel-linux-x86_64-fedora-clang, r-devel-windows-x86_64, r-release-macos-arm64, r-release-macos-x86_64, r-release-windows-x86_64, r-oldrel-macos-arm64, r-oldrel-macos-x86_64, r-oldrel-windows-ix86+x86_64