CRAN Package Check Results for Package rAmCharts

Last updated on 2022-06-27 15:53:51 CEST.

Flavor Version Tinstall Tcheck Ttotal Status Flags
r-devel-linux-x86_64-debian-clang 2.1.13 21.84 133.64 155.48 OK
r-devel-linux-x86_64-debian-gcc 2.1.13 12.58 95.94 108.52 OK
r-devel-linux-x86_64-fedora-clang 2.1.13 172.16 NOTE
r-devel-linux-x86_64-fedora-gcc 2.1.13 166.62 OK
r-devel-windows-x86_64 2.1.13 444.00 243.00 687.00 NOTE
r-patched-linux-x86_64 2.1.13 20.98 118.71 139.69 OK
r-release-linux-x86_64 2.1.13 17.43 116.45 133.88 OK
r-release-macos-arm64 2.1.13 49.00 NOTE
r-release-macos-x86_64 2.1.13 67.00 NOTE
r-release-windows-x86_64 2.1.13 492.00 244.00 736.00 NOTE
r-oldrel-macos-arm64 2.1.13 52.00 NOTE
r-oldrel-macos-x86_64 2.1.13 98.00 NOTE
r-oldrel-windows-ix86+x86_64 2.1.13 34.00 157.00 191.00 NOTE

Check Details

Version: 2.1.13
Check: installed package size
Result: NOTE
     installed size is 12.1Mb
     sub-directories of 1Mb or more:
     api 3.2Mb
     htmlwidgets 7.1Mb
Flavors: r-devel-linux-x86_64-fedora-clang, r-devel-windows-x86_64, r-release-macos-arm64, r-release-macos-x86_64, r-release-windows-x86_64, r-oldrel-macos-arm64, r-oldrel-macos-x86_64, r-oldrel-windows-ix86+x86_64