Last updated on 2022-05-23 15:53:43 CEST.
Flavor | Version | Tinstall | Tcheck | Ttotal | Status | Flags |
---|---|---|---|---|---|---|
r-devel-linux-x86_64-debian-clang | 0.9.4 | 128.96 | 305.95 | 434.91 | OK | |
r-devel-linux-x86_64-debian-gcc | 0.9.4 | 106.19 | 229.70 | 335.89 | OK | |
r-devel-linux-x86_64-fedora-clang | 0.9.4 | 590.78 | NOTE | |||
r-devel-linux-x86_64-fedora-gcc | 0.9.4 | 544.18 | NOTE | |||
r-devel-windows-x86_64 | 0.9.4 | 324.00 | 393.00 | 717.00 | NOTE | |
r-patched-linux-x86_64 | 0.9.4 | 116.14 | 294.76 | 410.90 | OK | |
r-release-linux-x86_64 | 0.9.4 | OK | ||||
r-release-macos-arm64 | 0.9.4 | 165.00 | NOTE | |||
r-release-macos-x86_64 | 0.9.4 | 251.00 | NOTE | |||
r-release-windows-x86_64 | 0.9.4 | 301.00 | 394.00 | 695.00 | NOTE | |
r-oldrel-macos-arm64 | 0.9.4 | 245.00 | NOTE | |||
r-oldrel-macos-x86_64 | 0.9.4 | 531.00 | NOTE | |||
r-oldrel-windows-ix86+x86_64 | 0.9.4 | 309.00 | 440.00 | 749.00 | NOTE |
Version: 0.9.4
Check: installed package size
Result: NOTE
installed size is 9.2Mb
sub-directories of 1Mb or more:
data 3.9Mb
libs 5.0Mb
Flavors: r-devel-linux-x86_64-fedora-clang, r-devel-windows-x86_64, r-release-macos-arm64, r-release-macos-x86_64, r-release-windows-x86_64, r-oldrel-macos-arm64, r-oldrel-macos-x86_64, r-oldrel-windows-ix86+x86_64
Version: 0.9.4
Check: data for non-ASCII characters
Result: NOTE
Note: found 35707 marked UTF-8 strings
Flavors: r-devel-linux-x86_64-fedora-clang, r-devel-linux-x86_64-fedora-gcc, r-release-macos-arm64, r-release-macos-x86_64, r-oldrel-macos-arm64, r-oldrel-macos-x86_64