Last updated on 2022-07-02 15:52:27 CEST.
Flavor | Version | Tinstall | Tcheck | Ttotal | Status | Flags |
---|---|---|---|---|---|---|
r-devel-linux-x86_64-debian-clang | 0.4.3 | 32.32 | 43.66 | 75.98 | NOTE | |
r-devel-linux-x86_64-debian-gcc | 0.4.3 | 28.43 | 33.77 | 62.20 | NOTE | |
r-devel-linux-x86_64-fedora-clang | 0.4.3 | 116.17 | NOTE | |||
r-devel-linux-x86_64-fedora-gcc | 0.4.3 | 110.91 | NOTE | |||
r-devel-windows-x86_64 | 0.4.3 | 45.00 | 89.00 | 134.00 | NOTE | |
r-patched-linux-x86_64 | 0.4.3 | 28.10 | 42.81 | 70.91 | NOTE | |
r-release-linux-x86_64 | 0.4.3 | 30.61 | 42.11 | 72.72 | NOTE | |
r-release-macos-arm64 | 0.4.3 | 33.00 | NOTE | |||
r-release-macos-x86_64 | 0.4.3 | 45.00 | NOTE | |||
r-release-windows-x86_64 | 0.4.3 | 43.00 | 94.00 | 137.00 | NOTE | |
r-oldrel-macos-arm64 | 0.4.3 | 35.00 | NOTE | |||
r-oldrel-macos-x86_64 | 0.4.3 | 52.00 | NOTE | |||
r-oldrel-windows-ix86+x86_64 | 0.4.3 | 89.00 | 92.00 | 181.00 | NOTE |
Version: 0.4.3
Check: LazyData
Result: NOTE
'LazyData' is specified without a 'data' directory
Flavors: r-devel-linux-x86_64-debian-clang, r-devel-linux-x86_64-debian-gcc, r-devel-linux-x86_64-fedora-clang, r-devel-linux-x86_64-fedora-gcc, r-devel-windows-x86_64, r-patched-linux-x86_64, r-release-linux-x86_64, r-release-macos-arm64, r-release-macos-x86_64, r-release-windows-x86_64, r-oldrel-macos-arm64, r-oldrel-macos-x86_64, r-oldrel-windows-ix86+x86_64
Version: 0.4.3
Check: for GNU extensions in Makefiles
Result: NOTE
GNU make is a SystemRequirements.
Flavors: r-devel-linux-x86_64-debian-clang, r-devel-linux-x86_64-debian-gcc, r-devel-linux-x86_64-fedora-clang, r-devel-linux-x86_64-fedora-gcc, r-devel-windows-x86_64, r-patched-linux-x86_64, r-release-linux-x86_64, r-release-macos-arm64, r-release-macos-x86_64, r-release-windows-x86_64, r-oldrel-macos-arm64, r-oldrel-macos-x86_64, r-oldrel-windows-ix86+x86_64