CRAN Package Check Results for Package quadrupen

Last updated on 2022-09-25 15:56:50 CEST.

Flavor Version Tinstall Tcheck Ttotal Status Flags
r-devel-linux-x86_64-debian-clang 0.2-9 119.53 193.83 313.36 OK
r-devel-linux-x86_64-debian-gcc 0.2-9 105.73 138.76 244.49 OK
r-devel-linux-x86_64-fedora-clang 0.2-9 412.61 OK
r-devel-linux-x86_64-fedora-gcc 0.2-9 409.75 OK
r-devel-windows-x86_64 0.2-9 120.00 237.00 357.00 OK
r-patched-linux-x86_64 0.2-9 101.60 179.27 280.87 OK
r-release-linux-x86_64 0.2-9 107.16 183.89 291.05 OK
r-release-macos-arm64 0.2-9 93.00 NOTE
r-release-macos-x86_64 0.2-9 162.00 NOTE
r-release-windows-x86_64 0.2-9 106.00 220.00 326.00 OK
r-oldrel-macos-arm64 0.2-9 87.00 NOTE
r-oldrel-macos-x86_64 0.2-9 164.00 NOTE
r-oldrel-windows-ix86+x86_64 0.2-9 294.00 365.00 659.00 OK

Check Details

Version: 0.2-9
Check: installed package size
Result: NOTE
     installed size is 8.2Mb
     sub-directories of 1Mb or more:
     libs 7.8Mb
Flavors: r-release-macos-arm64, r-release-macos-x86_64, r-oldrel-macos-arm64, r-oldrel-macos-x86_64