Last updated on 2022-06-25 03:51:06 CEST.
Flavor | Version | Tinstall | Tcheck | Ttotal | Status | Flags |
---|---|---|---|---|---|---|
r-devel-linux-x86_64-debian-clang | 0.2.3 | 5.71 | 58.85 | 64.56 | OK | |
r-devel-linux-x86_64-debian-gcc | 0.2.3 | 4.44 | 43.94 | 48.38 | OK | |
r-devel-linux-x86_64-fedora-clang | 0.2.3 | 88.16 | NOTE | |||
r-devel-linux-x86_64-fedora-gcc | 0.2.3 | 85.36 | NOTE | |||
r-devel-windows-x86_64 | 0.2.3 | 17.00 | 85.00 | 102.00 | OK | |
r-patched-linux-x86_64 | 0.2.3 | 3.76 | 54.70 | 58.46 | OK | |
r-release-linux-x86_64 | 0.2.3 | 4.21 | 54.59 | 58.80 | OK | |
r-release-macos-arm64 | 0.2.3 | 27.00 | NOTE | |||
r-release-macos-x86_64 | 0.2.3 | 49.00 | NOTE | |||
r-release-windows-x86_64 | 0.2.3 | 14.00 | 84.00 | 98.00 | OK | |
r-oldrel-macos-arm64 | 0.2.3 | 28.00 | NOTE | |||
r-oldrel-macos-x86_64 | 0.2.3 | 39.00 | NOTE | |||
r-oldrel-windows-ix86+x86_64 | 0.2.3 | 15.00 | 78.00 | 93.00 | OK |
Version: 0.2.3
Check: data for non-ASCII characters
Result: NOTE
Note: found 6 marked UTF-8 strings
Flavors: r-devel-linux-x86_64-fedora-clang, r-devel-linux-x86_64-fedora-gcc, r-release-macos-arm64, r-release-macos-x86_64, r-oldrel-macos-arm64, r-oldrel-macos-x86_64