Last updated on 2023-10-04 14:03:57 CEST.
Flavor | Version | Tinstall | Tcheck | Ttotal | Status | Flags |
---|---|---|---|---|---|---|
r-devel-linux-x86_64-debian-clang | 0.25.5 | 39.07 | 516.71 | 555.78 | OK | |
r-devel-linux-x86_64-debian-gcc | 0.25.5 | 42.27 | 413.55 | 455.82 | OK | |
r-devel-linux-x86_64-fedora-clang | 0.25.5 | 672.55 | OK | |||
r-devel-linux-x86_64-fedora-gcc | 0.25.5 | 696.99 | OK | |||
r-devel-windows-x86_64 | 0.25.5 | 85.00 | 384.00 | 469.00 | OK | |
r-patched-linux-x86_64 | 0.25.5 | 52.73 | 545.14 | 597.87 | OK | |
r-release-linux-x86_64 | 0.25.5 | 49.64 | 490.85 | 540.49 | OK | |
r-release-macos-arm64 | 0.25.5 | 286.00 | NOTE | |||
r-release-macos-x86_64 | 0.25.5 | 435.00 | NOTE | |||
r-release-windows-x86_64 | 0.25.5 | 109.00 | 496.00 | 605.00 | OK | |
r-oldrel-macos-arm64 | 0.25.5 | 274.00 | NOTE | |||
r-oldrel-macos-x86_64 | 0.25.5 | 287.00 | NOTE | |||
r-oldrel-windows-x86_64 | 0.25.5 | 98.00 | 485.00 | 583.00 | OK |
Version: 0.25.5
Check: installed package size
Result: NOTE
installed size is 12.8Mb
sub-directories of 1Mb or more:
doc 1.1Mb
libs 11.4Mb
Flavors: r-release-macos-arm64, r-release-macos-x86_64, r-oldrel-macos-arm64, r-oldrel-macos-x86_64