Last updated on 2023-12-02 15:50:05 CET.
Flavor | Version | Tinstall | Tcheck | Ttotal | Status | Flags |
---|---|---|---|---|---|---|
r-devel-linux-x86_64-debian-clang | 0.2.6 | 24.16 | 214.13 | 238.29 | NOTE | |
r-devel-linux-x86_64-debian-gcc | 0.2.6 | 18.99 | 159.59 | 178.58 | NOTE | |
r-devel-linux-x86_64-fedora-clang | 0.2.6 | 296.42 | OK | |||
r-devel-linux-x86_64-fedora-gcc | 0.2.6 | 283.65 | OK | |||
r-devel-windows-x86_64 | 0.2.6 | 23.00 | 213.00 | 236.00 | OK | |
r-patched-linux-x86_64 | 0.2.6 | 21.59 | 204.23 | 225.82 | OK | |
r-release-linux-x86_64 | 0.2.6 | 22.63 | 206.38 | 229.01 | OK | |
r-release-macos-arm64 | 0.2.6 | 127.00 | OK | |||
r-release-macos-x86_64 | 0.2.6 | 194.00 | OK | |||
r-release-windows-x86_64 | 0.2.6 | 29.00 | 263.00 | 292.00 | OK | |
r-oldrel-macos-arm64 | 0.2.6 | 188.00 | OK | |||
r-oldrel-macos-x86_64 | 0.2.6 | 10.00 | ERROR | |||
r-oldrel-windows-x86_64 | 0.2.6 | 29.00 | 249.00 | 278.00 | OK |
Version: 0.2.6
Check: Rd files
Result: NOTE
checkRd: (-1) imutant.Rd:27: Lost braces in \itemize; \value handles \item{}{} directly
checkRd: (-1) imutant.Rd:28: Lost braces in \itemize; \value handles \item{}{} directly
checkRd: (-1) imutant.Rd:29: Lost braces in \itemize; \value handles \item{}{} directly
checkRd: (-1) imutant.Rd:30: Lost braces in \itemize; \value handles \item{}{} directly
checkRd: (-1) imutant.Rd:31: Lost braces in \itemize; \value handles \item{}{} directly
checkRd: (-1) imutant.Rd:32: Lost braces in \itemize; \value handles \item{}{} directly
checkRd: (-1) imutant.Rd:33: Lost braces in \itemize; \value handles \item{}{} directly
checkRd: (-1) ptm.plot.Rd:34: Lost braces in \itemize; meant \describe ?
checkRd: (-1) ptm.plot.Rd:35: Lost braces in \itemize; meant \describe ?
checkRd: (-1) ptm.plot.Rd:36: Lost braces in \itemize; meant \describe ?
checkRd: (-1) ptm.plot.Rd:37: Lost braces in \itemize; meant \describe ?
checkRd: (-1) ptm.plot.Rd:38: Lost braces in \itemize; meant \describe ?
checkRd: (-1) ptm.plot.Rd:39: Lost braces in \itemize; meant \describe ?
checkRd: (-1) ptm.plot.Rd:40: Lost braces in \itemize; meant \describe ?
checkRd: (-1) ptm.plot.Rd:41: Lost braces in \itemize; meant \describe ?
checkRd: (-1) ptm.plot.Rd:42: Lost braces in \itemize; meant \describe ?
checkRd: (-1) ptm.plot.Rd:43: Lost braces in \itemize; meant \describe ?
checkRd: (-1) ptm.plot.Rd:44: Lost braces in \itemize; meant \describe ?
checkRd: (-1) ptm.plot.Rd:45: Lost braces in \itemize; meant \describe ?
checkRd: (-1) ptm.plot.Rd:46: Lost braces in \itemize; meant \describe ?
checkRd: (-1) ptm.plot.Rd:47: Lost braces in \itemize; meant \describe ?
Flavors: r-devel-linux-x86_64-debian-clang, r-devel-linux-x86_64-debian-gcc
Version: 0.2.6
Check: package dependencies
Result: ERROR
Package required but not available: ‘muscle’
See section ‘The DESCRIPTION file’ in the ‘Writing R Extensions’
manual.
Flavor: r-oldrel-macos-x86_64