Last updated on 2022-06-29 03:52:48 CEST.
Flavor | Version | Tinstall | Tcheck | Ttotal | Status | Flags |
---|---|---|---|---|---|---|
r-devel-linux-x86_64-debian-clang | 0.3.1 | 78.01 | 149.78 | 227.79 | OK | |
r-devel-linux-x86_64-debian-gcc | 0.3.1 | 64.44 | 109.98 | 174.42 | OK | |
r-devel-linux-x86_64-fedora-clang | 0.3.1 | 315.57 | NOTE | |||
r-devel-linux-x86_64-fedora-gcc | 0.3.1 | 247.10 | OK | |||
r-devel-windows-x86_64 | 0.3.1 | 66.00 | 187.00 | 253.00 | OK | |
r-patched-linux-x86_64 | 0.3.1 | 69.73 | 137.07 | 206.80 | OK | |
r-release-linux-x86_64 | 0.3.1 | 51.83 | 137.04 | 188.87 | OK | |
r-release-macos-arm64 | 0.3.1 | 60.00 | NOTE | |||
r-release-macos-x86_64 | 0.3.1 | 96.00 | NOTE | |||
r-release-windows-x86_64 | 0.3.1 | 70.00 | 187.00 | 257.00 | OK | |
r-oldrel-macos-arm64 | 0.3.1 | 62.00 | NOTE | |||
r-oldrel-macos-x86_64 | 0.3.1 | 73.00 | NOTE | |||
r-oldrel-windows-ix86+x86_64 | 0.3.1 | 171.00 | 276.00 | 447.00 | OK |
Version: 0.3.1
Check: installed package size
Result: NOTE
installed size is 9.1Mb
sub-directories of 1Mb or more:
libs 8.4Mb
Flavors: r-devel-linux-x86_64-fedora-clang, r-release-macos-arm64, r-release-macos-x86_64, r-oldrel-macos-arm64, r-oldrel-macos-x86_64