CRAN Package Check Results for Package pspearman

Last updated on 2022-06-29 15:50:01 CEST.

Flavor Version Tinstall Tcheck Ttotal Status Flags
r-devel-linux-x86_64-debian-clang 0.3-1 2.59 21.68 24.27 OK
r-devel-linux-x86_64-debian-gcc 0.3-1 1.75 16.85 18.60 OK
r-devel-linux-x86_64-fedora-clang 0.3-1 39.87 NOTE
r-devel-linux-x86_64-fedora-gcc 0.3-1 38.73 NOTE
r-devel-windows-x86_64 0.3-1 14.00 44.00 58.00 OK
r-patched-linux-x86_64 0.3-1 2.13 20.80 22.93 OK
r-release-linux-x86_64 0.3-1 1.92 21.07 22.99 OK
r-release-macos-arm64 0.3-1 13.00 OK
r-release-macos-x86_64 0.3-1 21.00 OK
r-release-windows-x86_64 0.3-1 9.00 43.00 52.00 OK
r-oldrel-macos-arm64 0.3-1 12.00 OK
r-oldrel-macos-x86_64 0.3-1 20.00 OK
r-oldrel-windows-ix86+x86_64 0.3-1 8.00 54.00 62.00 OK

Check Details

Version: 0.3-1
Check: compiled code
Result: NOTE
    File ‘pspearman/libs/pspearman.so’:
     Found no calls to: ‘R_registerRoutines’, ‘R_useDynamicSymbols’
    
    It is good practice to register native routines and to disable symbol
    search.
    
    See ‘Writing portable packages’ in the ‘Writing R Extensions’ manual.
Flavors: r-devel-linux-x86_64-fedora-clang, r-devel-linux-x86_64-fedora-gcc